{"id":1060,"date":"2014-05-14T15:48:08","date_gmt":"2014-05-14T14:48:08","guid":{"rendered":"http:\/\/www.cdgolf33.com\/?page_id=1060"},"modified":"2014-05-14T15:48:08","modified_gmt":"2014-05-14T14:48:08","slug":"championnat-2014-des-a-s-entreprises","status":"publish","type":"page","link":"https:\/\/cdgolf33.com\/index.php\/championnat-2014-des-a-s-entreprises\/","title":{"rendered":"Championnat 2014 des A.S. Entreprises"},"content":{"rendered":"<p style=\"text-align: center;\">Fran\u00e7oise LETORT et Philippe LARDIN laur\u00e9ats du 3\u00e8me championnat.<\/p>\n<p style=\"text-align: justify;\">58 joueurs \u00e9taient inscrits pour ce 3\u00e8me Championnat Individuel des Associations Sportives des Entreprises de la Gironde. 56 y ont particip\u00e9 sur le parcours de Pessac, le samedi 10 mai dont seulement 5 dames.<\/p>\n<p style=\"text-align: justify;\">Le temps \u00e9tait maussade, couvert et l\u00e9g\u00e8rement pluvieux et venteux. Mais cela n\u2019a pas emp\u00each\u00e9 nos vaillants comp\u00e9titeurs de d\u00e9marrer l\u2019\u00e9preuve avec beaucoup de conviction d\u00e8s 8h30. Les membres du Comit\u00e9 de la Gironde ont assur\u00e9 enti\u00e8rement l\u2019organisation de cette comp\u00e9tition f\u00e9d\u00e9rale.<\/p>\n<p style=\"text-align: justify;\">Lors de la remise des prix, le Pr\u00e9sident Jos\u00e9 MUNOZ a remerci\u00e9 les joueurs pour leur adh\u00e9sion au projet du d\u00e9veloppement du sport en entreprise, Jean-Marc PONS repr\u00e9sentant Pierre FAOU (pr\u00e9sident de la Commission Golf entreprises \u00e0 la Ligue r\u00e9gionale d&rsquo;Aquitaine), ainsi que l\u2019arbitre Madame Anne RIDOUX qui s\u2019est beaucoup d\u00e9pens\u00e9e pour pr\u00e9parer le terrain, celui-ci laissant \u00e0 d\u00e9sirer sur beaucoup trop de bunkers en r\u00e9paration et sur la qualit\u00e9 de plusieurs greens dont certains n\u2019avaient pas \u00e9t\u00e9 tondus le matin.<\/p>\n<p style=\"text-align: justify;\">Pour les r\u00e9sultats, chez les dames, Fran\u00e7oise LETORT remporte le titre de Championne pour la deuxi\u00e8me fois. Chez les messieurs, Philippe LARDIN s&rsquo;impose pour la 2\u00e8me ann\u00e9e cons\u00e9cutive avec un score de 74 (+ 2) devant Jean Louis LAPOUDGE 75 (+ 3) et Ali KACI 76 (+4).<\/p>\n<p style=\"text-align: justify;\">Apr\u00e8s les f\u00e9licitations du Pr\u00e9sident et le souhait de revenir l\u2019an prochain encore un peu plus nombreux pour assurer la p\u00e9rennit\u00e9 de cette comp\u00e9tition, tout le monde s\u2019est regroup\u00e9 autour d\u2019un excellent buffet convivial pr\u00e9par\u00e9 par le chef du restaurant.<\/p>\n<p>Merci \u00e0 tous, bon golf et \u00e0 2015.<\/p>\n<p>Jos\u00e9 MUNOZ et Yves BOILEAU<\/p>\n<p>\u2192\u00a0 <strong><a href=\"http:\/\/www.cdgolf33.com\/wp-content\/uploads\/2014\/05\/2014_CIASE_r\u00e9sultats_brut.pdf\" target=\"_blank\" rel=\"noopener noreferrer\">R\u00e9sultats brut<\/a><\/strong><br \/>\n\u2192\u00a0 <strong><a href=\"http:\/\/www.cdgolf33.com\/wp-content\/uploads\/2014\/05\/2014_CIASE_r\u00e9sultats_net.pdf\" target=\"_blank\" rel=\"noopener noreferrer\">R\u00e9sultats net<\/a><\/strong><\/p>\n<p style=\"text-align: center;\"><a href=\"http:\/\/www.cdgolf33.com\/wp-content\/uploads\/2014\/05\/2014_CIASE_photo.jpg\"><img fetchpriority=\"high\" decoding=\"async\" class=\"alignnone size-medium wp-image-1062\" src=\"http:\/\/www.cdgolf33.com\/wp-content\/uploads\/2014\/05\/2014_CIASE_photo-300x220.jpg\" alt=\"2014_CIASE_photo\" width=\"300\" height=\"220\" srcset=\"https:\/\/cdgolf33.com\/wp-content\/uploads\/2014\/05\/2014_CIASE_photo-300x220.jpg 300w, https:\/\/cdgolf33.com\/wp-content\/uploads\/2014\/05\/2014_CIASE_photo-768x564.jpg 768w, https:\/\/cdgolf33.com\/wp-content\/uploads\/2014\/05\/2014_CIASE_photo.jpg 811w\" sizes=\"(max-width: 300px) 100vw, 300px\" \/><\/a><br \/>\nQuelques uns des laur\u00e9ats avec Anne-Marie GOUET et Claude MERIAUX du Comit\u00e9 de Gironde.<\/p>\n<p style=\"text-align: right;\">\u2192 <strong><a href=\"http:\/\/www.cdgolf33.com\/entreprises\/\">Retour<\/a><\/strong><\/p>\n<p>&nbsp;\t\t<\/p>\n","protected":false},"excerpt":{"rendered":"<p>Fran\u00e7oise LETORT et Philippe LARDIN laur\u00e9ats du 3\u00e8me championnat. 58 joueurs \u00e9taient inscrits pour ce 3\u00e8me Championnat Individuel des Associations Sportives des Entreprises de la Gironde. 56 y ont particip\u00e9 sur le parcours de Pessac, le samedi 10 mai dont seulement 5 dames. Le temps \u00e9tait maussade, couvert et l\u00e9g\u00e8rement [&hellip;]<\/p>\n","protected":false},"author":1,"featured_media":0,"parent":0,"menu_order":0,"comment_status":"closed","ping_status":"open","template":"","meta":{"footnotes":""},"class_list":["post-1060","page","type-page","status-publish","hentry"],"yoast_head":"<!-- This site is optimized with the Yoast SEO plugin v27.5 - https:\/\/yoast.com\/product\/yoast-seo-wordpress\/ -->\n<title>Championnat 2014 des A.S. Entreprises - Comit\u00e9 D\u00e9partemental de Golf de Gironde<\/title>\n<meta name=\"robots\" content=\"index, follow, max-snippet:-1, max-image-preview:large, max-video-preview:-1\" \/>\n<link rel=\"canonical\" href=\"https:\/\/cdgolf33.com\/index.php\/championnat-2014-des-a-s-entreprises\/\" \/>\n<meta property=\"og:locale\" content=\"fr_FR\" \/>\n<meta property=\"og:type\" content=\"article\" \/>\n<meta property=\"og:title\" content=\"Championnat 2014 des A.S. Entreprises - Comit\u00e9 D\u00e9partemental de Golf de Gironde\" \/>\n<meta property=\"og:description\" content=\"Fran\u00e7oise LETORT et Philippe LARDIN laur\u00e9ats du 3\u00e8me championnat. 58 joueurs \u00e9taient inscrits pour ce 3\u00e8me Championnat Individuel des Associations Sportives des Entreprises de la Gironde. 56 y ont particip\u00e9 sur le parcours de Pessac, le samedi 10 mai dont seulement 5 dames. Le temps \u00e9tait maussade, couvert et l\u00e9g\u00e8rement [&hellip;]\" \/>\n<meta property=\"og:url\" content=\"https:\/\/cdgolf33.com\/index.php\/championnat-2014-des-a-s-entreprises\/\" \/>\n<meta property=\"og:site_name\" content=\"Comit\u00e9 D\u00e9partemental de Golf de Gironde\" \/>\n<meta property=\"og:image\" content=\"http:\/\/www.cdgolf33.com\/wp-content\/uploads\/2014\/05\/2014_CIASE_photo-300x220.jpg\" \/>\n<meta name=\"twitter:card\" content=\"summary_large_image\" \/>\n<meta name=\"twitter:site\" content=\"@comitegolf33\" \/>\n<meta name=\"twitter:label1\" content=\"Dur\u00e9e de lecture estim\u00e9e\" \/>\n\t<meta name=\"twitter:data1\" content=\"2 minutes\" \/>\n<script type=\"application\/ld+json\" class=\"yoast-schema-graph\">{\"@context\":\"https:\\\/\\\/schema.org\",\"@graph\":[{\"@type\":\"WebPage\",\"@id\":\"https:\\\/\\\/cdgolf33.com\\\/index.php\\\/championnat-2014-des-a-s-entreprises\\\/\",\"url\":\"https:\\\/\\\/cdgolf33.com\\\/index.php\\\/championnat-2014-des-a-s-entreprises\\\/\",\"name\":\"Championnat 2014 des A.S. Entreprises - Comit\u00e9 D\u00e9partemental de Golf de Gironde\",\"isPartOf\":{\"@id\":\"https:\\\/\\\/cdgolf33.com\\\/#website\"},\"primaryImageOfPage\":{\"@id\":\"https:\\\/\\\/cdgolf33.com\\\/index.php\\\/championnat-2014-des-a-s-entreprises\\\/#primaryimage\"},\"image\":{\"@id\":\"https:\\\/\\\/cdgolf33.com\\\/index.php\\\/championnat-2014-des-a-s-entreprises\\\/#primaryimage\"},\"thumbnailUrl\":\"http:\\\/\\\/www.cdgolf33.com\\\/wp-content\\\/uploads\\\/2014\\\/05\\\/2014_CIASE_photo-300x220.jpg\",\"datePublished\":\"2014-05-14T14:48:08+00:00\",\"breadcrumb\":{\"@id\":\"https:\\\/\\\/cdgolf33.com\\\/index.php\\\/championnat-2014-des-a-s-entreprises\\\/#breadcrumb\"},\"inLanguage\":\"fr-FR\",\"potentialAction\":[{\"@type\":\"ReadAction\",\"target\":[\"https:\\\/\\\/cdgolf33.com\\\/index.php\\\/championnat-2014-des-a-s-entreprises\\\/\"]}]},{\"@type\":\"ImageObject\",\"inLanguage\":\"fr-FR\",\"@id\":\"https:\\\/\\\/cdgolf33.com\\\/index.php\\\/championnat-2014-des-a-s-entreprises\\\/#primaryimage\",\"url\":\"http:\\\/\\\/www.cdgolf33.com\\\/wp-content\\\/uploads\\\/2014\\\/05\\\/2014_CIASE_photo-300x220.jpg\",\"contentUrl\":\"http:\\\/\\\/www.cdgolf33.com\\\/wp-content\\\/uploads\\\/2014\\\/05\\\/2014_CIASE_photo-300x220.jpg\"},{\"@type\":\"BreadcrumbList\",\"@id\":\"https:\\\/\\\/cdgolf33.com\\\/index.php\\\/championnat-2014-des-a-s-entreprises\\\/#breadcrumb\",\"itemListElement\":[{\"@type\":\"ListItem\",\"position\":1,\"name\":\"Accueil\",\"item\":\"https:\\\/\\\/cdgolf33.com\\\/\"},{\"@type\":\"ListItem\",\"position\":2,\"name\":\"Championnat 2014 des A.S. Entreprises\"}]},{\"@type\":\"WebSite\",\"@id\":\"https:\\\/\\\/cdgolf33.com\\\/#website\",\"url\":\"https:\\\/\\\/cdgolf33.com\\\/\",\"name\":\"Comit\u00e9 D\u00e9partemental de Golf de Gironde\",\"description\":\"Le Comit\u00e9 de Gironde de Golf vous souhaite la bienvenue sur son site !\",\"publisher\":{\"@id\":\"https:\\\/\\\/cdgolf33.com\\\/#organization\"},\"potentialAction\":[{\"@type\":\"SearchAction\",\"target\":{\"@type\":\"EntryPoint\",\"urlTemplate\":\"https:\\\/\\\/cdgolf33.com\\\/?s={search_term_string}\"},\"query-input\":{\"@type\":\"PropertyValueSpecification\",\"valueRequired\":true,\"valueName\":\"search_term_string\"}}],\"inLanguage\":\"fr-FR\"},{\"@type\":\"Organization\",\"@id\":\"https:\\\/\\\/cdgolf33.com\\\/#organization\",\"name\":\"Comit\u00e9 de Golf de Gironde\",\"url\":\"https:\\\/\\\/cdgolf33.com\\\/\",\"logo\":{\"@type\":\"ImageObject\",\"inLanguage\":\"fr-FR\",\"@id\":\"https:\\\/\\\/cdgolf33.com\\\/#\\\/schema\\\/logo\\\/image\\\/\",\"url\":\"https:\\\/\\\/cdgolf33.com\\\/wp-content\\\/uploads\\\/2019\\\/05\\\/LOGOCD33.jpg\",\"contentUrl\":\"https:\\\/\\\/cdgolf33.com\\\/wp-content\\\/uploads\\\/2019\\\/05\\\/LOGOCD33.jpg\",\"width\":220,\"height\":233,\"caption\":\"Comit\u00e9 de Golf de Gironde\"},\"image\":{\"@id\":\"https:\\\/\\\/cdgolf33.com\\\/#\\\/schema\\\/logo\\\/image\\\/\"},\"sameAs\":[\"https:\\\/\\\/x.com\\\/comitegolf33\"]}]}<\/script>\n<!-- \/ Yoast SEO plugin. -->","yoast_head_json":{"title":"Championnat 2014 des A.S. Entreprises - Comit\u00e9 D\u00e9partemental de Golf de Gironde","robots":{"index":"index","follow":"follow","max-snippet":"max-snippet:-1","max-image-preview":"max-image-preview:large","max-video-preview":"max-video-preview:-1"},"canonical":"https:\/\/cdgolf33.com\/index.php\/championnat-2014-des-a-s-entreprises\/","og_locale":"fr_FR","og_type":"article","og_title":"Championnat 2014 des A.S. Entreprises - Comit\u00e9 D\u00e9partemental de Golf de Gironde","og_description":"Fran\u00e7oise LETORT et Philippe LARDIN laur\u00e9ats du 3\u00e8me championnat. 58 joueurs \u00e9taient inscrits pour ce 3\u00e8me Championnat Individuel des Associations Sportives des Entreprises de la Gironde. 56 y ont particip\u00e9 sur le parcours de Pessac, le samedi 10 mai dont seulement 5 dames. Le temps \u00e9tait maussade, couvert et l\u00e9g\u00e8rement [&hellip;]","og_url":"https:\/\/cdgolf33.com\/index.php\/championnat-2014-des-a-s-entreprises\/","og_site_name":"Comit\u00e9 D\u00e9partemental de Golf de Gironde","og_image":[{"url":"http:\/\/www.cdgolf33.com\/wp-content\/uploads\/2014\/05\/2014_CIASE_photo-300x220.jpg","type":"","width":"","height":""}],"twitter_card":"summary_large_image","twitter_site":"@comitegolf33","twitter_misc":{"Dur\u00e9e de lecture estim\u00e9e":"2 minutes"},"schema":{"@context":"https:\/\/schema.org","@graph":[{"@type":"WebPage","@id":"https:\/\/cdgolf33.com\/index.php\/championnat-2014-des-a-s-entreprises\/","url":"https:\/\/cdgolf33.com\/index.php\/championnat-2014-des-a-s-entreprises\/","name":"Championnat 2014 des A.S. Entreprises - Comit\u00e9 D\u00e9partemental de Golf de Gironde","isPartOf":{"@id":"https:\/\/cdgolf33.com\/#website"},"primaryImageOfPage":{"@id":"https:\/\/cdgolf33.com\/index.php\/championnat-2014-des-a-s-entreprises\/#primaryimage"},"image":{"@id":"https:\/\/cdgolf33.com\/index.php\/championnat-2014-des-a-s-entreprises\/#primaryimage"},"thumbnailUrl":"http:\/\/www.cdgolf33.com\/wp-content\/uploads\/2014\/05\/2014_CIASE_photo-300x220.jpg","datePublished":"2014-05-14T14:48:08+00:00","breadcrumb":{"@id":"https:\/\/cdgolf33.com\/index.php\/championnat-2014-des-a-s-entreprises\/#breadcrumb"},"inLanguage":"fr-FR","potentialAction":[{"@type":"ReadAction","target":["https:\/\/cdgolf33.com\/index.php\/championnat-2014-des-a-s-entreprises\/"]}]},{"@type":"ImageObject","inLanguage":"fr-FR","@id":"https:\/\/cdgolf33.com\/index.php\/championnat-2014-des-a-s-entreprises\/#primaryimage","url":"http:\/\/www.cdgolf33.com\/wp-content\/uploads\/2014\/05\/2014_CIASE_photo-300x220.jpg","contentUrl":"http:\/\/www.cdgolf33.com\/wp-content\/uploads\/2014\/05\/2014_CIASE_photo-300x220.jpg"},{"@type":"BreadcrumbList","@id":"https:\/\/cdgolf33.com\/index.php\/championnat-2014-des-a-s-entreprises\/#breadcrumb","itemListElement":[{"@type":"ListItem","position":1,"name":"Accueil","item":"https:\/\/cdgolf33.com\/"},{"@type":"ListItem","position":2,"name":"Championnat 2014 des A.S. Entreprises"}]},{"@type":"WebSite","@id":"https:\/\/cdgolf33.com\/#website","url":"https:\/\/cdgolf33.com\/","name":"Comit\u00e9 D\u00e9partemental de Golf de Gironde","description":"Le Comit\u00e9 de Gironde de Golf vous souhaite la bienvenue sur son site !","publisher":{"@id":"https:\/\/cdgolf33.com\/#organization"},"potentialAction":[{"@type":"SearchAction","target":{"@type":"EntryPoint","urlTemplate":"https:\/\/cdgolf33.com\/?s={search_term_string}"},"query-input":{"@type":"PropertyValueSpecification","valueRequired":true,"valueName":"search_term_string"}}],"inLanguage":"fr-FR"},{"@type":"Organization","@id":"https:\/\/cdgolf33.com\/#organization","name":"Comit\u00e9 de Golf de Gironde","url":"https:\/\/cdgolf33.com\/","logo":{"@type":"ImageObject","inLanguage":"fr-FR","@id":"https:\/\/cdgolf33.com\/#\/schema\/logo\/image\/","url":"https:\/\/cdgolf33.com\/wp-content\/uploads\/2019\/05\/LOGOCD33.jpg","contentUrl":"https:\/\/cdgolf33.com\/wp-content\/uploads\/2019\/05\/LOGOCD33.jpg","width":220,"height":233,"caption":"Comit\u00e9 de Golf de Gironde"},"image":{"@id":"https:\/\/cdgolf33.com\/#\/schema\/logo\/image\/"},"sameAs":["https:\/\/x.com\/comitegolf33"]}]}},"_links":{"self":[{"href":"https:\/\/cdgolf33.com\/index.php\/wp-json\/wp\/v2\/pages\/1060","targetHints":{"allow":["GET"]}}],"collection":[{"href":"https:\/\/cdgolf33.com\/index.php\/wp-json\/wp\/v2\/pages"}],"about":[{"href":"https:\/\/cdgolf33.com\/index.php\/wp-json\/wp\/v2\/types\/page"}],"author":[{"embeddable":true,"href":"https:\/\/cdgolf33.com\/index.php\/wp-json\/wp\/v2\/users\/1"}],"replies":[{"embeddable":true,"href":"https:\/\/cdgolf33.com\/index.php\/wp-json\/wp\/v2\/comments?post=1060"}],"version-history":[{"count":0,"href":"https:\/\/cdgolf33.com\/index.php\/wp-json\/wp\/v2\/pages\/1060\/revisions"}],"wp:attachment":[{"href":"https:\/\/cdgolf33.com\/index.php\/wp-json\/wp\/v2\/media?parent=1060"}],"curies":[{"name":"wp","href":"https:\/\/api.w.org\/{rel}","templated":true}]}}