{"id":1081,"date":"2014-05-19T11:43:07","date_gmt":"2014-05-19T10:43:07","guid":{"rendered":"http:\/\/www.cdgolf33.com\/?page_id=1081"},"modified":"2014-05-19T11:43:07","modified_gmt":"2014-05-19T10:43:07","slug":"championnat-de-pitch-putt-2014-t5","status":"publish","type":"page","link":"https:\/\/cdgolf33.com\/index.php\/championnat-de-pitch-putt-2014-t5\/","title":{"rendered":"Championnat de pitch &#038; putt 2014 \u2013 T5"},"content":{"rendered":"<p style=\"text-align: justify;\">Le soleil de ces derniers jours avait rendu le parcours de Cameyrac particuli\u00e8rement roulant et les greens bien pr\u00e9par\u00e9s mais tr\u00e8s rapides. Cela a surpris plus d&rsquo;un golfeur de ce dernier tour du championnat de Gironde de pitch &amp; putt. Mais ce soleil a \u00e9t\u00e9 tr\u00e8s appr\u00e9ci\u00e9 et n&rsquo;a nullement g\u00ean\u00e9\u00a0 Marc COUSINEAU (Bordeaux Lac) pour r\u00e9ussir un trou en 1 sur le 5. Les deux meilleures cartes du jour ont \u00e9t\u00e9 ramen\u00e9es par Bruno MICHEL (ATSCAF) et Jean-Pierre FEIGNE (Cameyrac) avec un score de 59.<\/p>\n<p style=\"text-align: justify;\">Une grande partie des joueurs \u00e9tait venue chercher une bonne carte pour leur 3\u00e8me comp\u00e9tition et esp\u00e9rer ainsi obtenir une qualification pour la finale.<\/p>\n<p style=\"text-align: justify;\">\u2192\u00a0 <strong><a href=\"http:\/\/www.cdgolf33.com\/wp-content\/uploads\/2014\/05\/2014_PP_T5_Cameyrac_r\u00e9sultats.pdf\" target=\"_blank\" rel=\"noopener noreferrer\">voir les r\u00e9sultats du T5<\/a><\/strong><\/p>\n<p style=\"text-align: justify;\">La finale aura lieu sur le parcours du <strong>Baganais<\/strong> \u00e0 Lacanau <strong>dimanche prochain 25 mai<\/strong>. La comp\u00e9tition se d\u00e9roulera sur 2 X 9 trous avec un <strong>d\u00e9part en shot gun \u00e0 9h45<\/strong>. A l&rsquo;issue de celle-ci, un buffet offert par le Comit\u00e9 d\u00e9partemental regroupera l&rsquo;ensemble des joueurs. Les joueurs qualifi\u00e9s pour cette finale sont indiqu\u00e9s dans le classement g\u00e9n\u00e9ral.<br \/>\nPour celles et ceux qui ne l&rsquo;ont pas encore fait, <strong>merci de bien vouloir confirmer votre participation<\/strong> rapidement afin de contacter le cas \u00e9ch\u00e9ant les joueurs susceptibles d&rsquo;\u00eatre rep\u00each\u00e9s.<br \/>\nJimmy DELAS vainqueur de l&rsquo;\u00e9dition 2013, qui n&rsquo;a pu pour des raisons professionnelles participer aux tours pr\u00e9liminaires cette ann\u00e9e, a \u00e9t\u00e9 \u00e0 titre exceptionnel, qualifi\u00e9 pour cette finale.<\/p>\n<p style=\"text-align: justify;\">\u2192\u00a0 <strong><a href=\"http:\/\/www.cdgolf33.com\/wp-content\/uploads\/2014\/05\/2014_PP_classement1.pdf\" target=\"_blank\" rel=\"noopener noreferrer\">voir le classement g\u00e9n\u00e9ral final<\/a>\u00a0<\/strong>avec les qualifi\u00e9s pour la finale.<\/p>\n<p style=\"text-align: right;\">\u2192 <strong><a href=\"http:\/\/www.cdgolf33.com\/pitch-putt\/\">retour<\/a><\/strong><\/p>\n","protected":false},"excerpt":{"rendered":"<p>Le soleil de ces derniers jours avait rendu le parcours de Cameyrac particuli\u00e8rement roulant et les greens bien pr\u00e9par\u00e9s mais tr\u00e8s rapides. Cela a surpris plus d&rsquo;un golfeur de ce dernier tour du championnat de Gironde de pitch &amp; putt. Mais ce soleil a \u00e9t\u00e9 tr\u00e8s appr\u00e9ci\u00e9 et n&rsquo;a nullement [&hellip;]<\/p>\n","protected":false},"author":1,"featured_media":0,"parent":0,"menu_order":0,"comment_status":"closed","ping_status":"open","template":"","meta":{"footnotes":""},"class_list":["post-1081","page","type-page","status-publish","hentry"],"yoast_head":"<!-- This site is optimized with the Yoast SEO plugin v27.5 - https:\/\/yoast.com\/product\/yoast-seo-wordpress\/ -->\n<title>Championnat de pitch &amp; putt 2014 \u2013 T5 - Comit\u00e9 D\u00e9partemental de Golf de Gironde<\/title>\n<meta name=\"robots\" content=\"index, follow, max-snippet:-1, max-image-preview:large, max-video-preview:-1\" \/>\n<link rel=\"canonical\" href=\"https:\/\/cdgolf33.com\/index.php\/championnat-de-pitch-putt-2014-t5\/\" \/>\n<meta property=\"og:locale\" content=\"fr_FR\" \/>\n<meta property=\"og:type\" content=\"article\" \/>\n<meta property=\"og:title\" content=\"Championnat de pitch &amp; putt 2014 \u2013 T5 - Comit\u00e9 D\u00e9partemental de Golf de Gironde\" \/>\n<meta property=\"og:description\" content=\"Le soleil de ces derniers jours avait rendu le parcours de Cameyrac particuli\u00e8rement roulant et les greens bien pr\u00e9par\u00e9s mais tr\u00e8s rapides. Cela a surpris plus d&rsquo;un golfeur de ce dernier tour du championnat de Gironde de pitch &amp; putt. Mais ce soleil a \u00e9t\u00e9 tr\u00e8s appr\u00e9ci\u00e9 et n&rsquo;a nullement [&hellip;]\" \/>\n<meta property=\"og:url\" content=\"https:\/\/cdgolf33.com\/index.php\/championnat-de-pitch-putt-2014-t5\/\" \/>\n<meta property=\"og:site_name\" content=\"Comit\u00e9 D\u00e9partemental de Golf de Gironde\" \/>\n<meta name=\"twitter:card\" content=\"summary_large_image\" \/>\n<meta name=\"twitter:site\" content=\"@comitegolf33\" \/>\n<meta name=\"twitter:label1\" content=\"Dur\u00e9e de lecture estim\u00e9e\" \/>\n\t<meta name=\"twitter:data1\" content=\"1 minute\" \/>\n<script type=\"application\/ld+json\" class=\"yoast-schema-graph\">{\"@context\":\"https:\\\/\\\/schema.org\",\"@graph\":[{\"@type\":\"WebPage\",\"@id\":\"https:\\\/\\\/cdgolf33.com\\\/index.php\\\/championnat-de-pitch-putt-2014-t5\\\/\",\"url\":\"https:\\\/\\\/cdgolf33.com\\\/index.php\\\/championnat-de-pitch-putt-2014-t5\\\/\",\"name\":\"Championnat de pitch & putt 2014 \u2013 T5 - Comit\u00e9 D\u00e9partemental de Golf de Gironde\",\"isPartOf\":{\"@id\":\"https:\\\/\\\/cdgolf33.com\\\/#website\"},\"datePublished\":\"2014-05-19T10:43:07+00:00\",\"breadcrumb\":{\"@id\":\"https:\\\/\\\/cdgolf33.com\\\/index.php\\\/championnat-de-pitch-putt-2014-t5\\\/#breadcrumb\"},\"inLanguage\":\"fr-FR\",\"potentialAction\":[{\"@type\":\"ReadAction\",\"target\":[\"https:\\\/\\\/cdgolf33.com\\\/index.php\\\/championnat-de-pitch-putt-2014-t5\\\/\"]}]},{\"@type\":\"BreadcrumbList\",\"@id\":\"https:\\\/\\\/cdgolf33.com\\\/index.php\\\/championnat-de-pitch-putt-2014-t5\\\/#breadcrumb\",\"itemListElement\":[{\"@type\":\"ListItem\",\"position\":1,\"name\":\"Accueil\",\"item\":\"https:\\\/\\\/cdgolf33.com\\\/\"},{\"@type\":\"ListItem\",\"position\":2,\"name\":\"Championnat de pitch &#038; putt 2014 \u2013 T5\"}]},{\"@type\":\"WebSite\",\"@id\":\"https:\\\/\\\/cdgolf33.com\\\/#website\",\"url\":\"https:\\\/\\\/cdgolf33.com\\\/\",\"name\":\"Comit\u00e9 D\u00e9partemental de Golf de Gironde\",\"description\":\"Le Comit\u00e9 de Gironde de Golf vous souhaite la bienvenue sur son site !\",\"publisher\":{\"@id\":\"https:\\\/\\\/cdgolf33.com\\\/#organization\"},\"potentialAction\":[{\"@type\":\"SearchAction\",\"target\":{\"@type\":\"EntryPoint\",\"urlTemplate\":\"https:\\\/\\\/cdgolf33.com\\\/?s={search_term_string}\"},\"query-input\":{\"@type\":\"PropertyValueSpecification\",\"valueRequired\":true,\"valueName\":\"search_term_string\"}}],\"inLanguage\":\"fr-FR\"},{\"@type\":\"Organization\",\"@id\":\"https:\\\/\\\/cdgolf33.com\\\/#organization\",\"name\":\"Comit\u00e9 de Golf de Gironde\",\"url\":\"https:\\\/\\\/cdgolf33.com\\\/\",\"logo\":{\"@type\":\"ImageObject\",\"inLanguage\":\"fr-FR\",\"@id\":\"https:\\\/\\\/cdgolf33.com\\\/#\\\/schema\\\/logo\\\/image\\\/\",\"url\":\"https:\\\/\\\/cdgolf33.com\\\/wp-content\\\/uploads\\\/2019\\\/05\\\/LOGOCD33.jpg\",\"contentUrl\":\"https:\\\/\\\/cdgolf33.com\\\/wp-content\\\/uploads\\\/2019\\\/05\\\/LOGOCD33.jpg\",\"width\":220,\"height\":233,\"caption\":\"Comit\u00e9 de Golf de Gironde\"},\"image\":{\"@id\":\"https:\\\/\\\/cdgolf33.com\\\/#\\\/schema\\\/logo\\\/image\\\/\"},\"sameAs\":[\"https:\\\/\\\/x.com\\\/comitegolf33\"]}]}<\/script>\n<!-- \/ Yoast SEO plugin. -->","yoast_head_json":{"title":"Championnat de pitch & putt 2014 \u2013 T5 - Comit\u00e9 D\u00e9partemental de Golf de Gironde","robots":{"index":"index","follow":"follow","max-snippet":"max-snippet:-1","max-image-preview":"max-image-preview:large","max-video-preview":"max-video-preview:-1"},"canonical":"https:\/\/cdgolf33.com\/index.php\/championnat-de-pitch-putt-2014-t5\/","og_locale":"fr_FR","og_type":"article","og_title":"Championnat de pitch & putt 2014 \u2013 T5 - Comit\u00e9 D\u00e9partemental de Golf de Gironde","og_description":"Le soleil de ces derniers jours avait rendu le parcours de Cameyrac particuli\u00e8rement roulant et les greens bien pr\u00e9par\u00e9s mais tr\u00e8s rapides. Cela a surpris plus d&rsquo;un golfeur de ce dernier tour du championnat de Gironde de pitch &amp; putt. Mais ce soleil a \u00e9t\u00e9 tr\u00e8s appr\u00e9ci\u00e9 et n&rsquo;a nullement [&hellip;]","og_url":"https:\/\/cdgolf33.com\/index.php\/championnat-de-pitch-putt-2014-t5\/","og_site_name":"Comit\u00e9 D\u00e9partemental de Golf de Gironde","twitter_card":"summary_large_image","twitter_site":"@comitegolf33","twitter_misc":{"Dur\u00e9e de lecture estim\u00e9e":"1 minute"},"schema":{"@context":"https:\/\/schema.org","@graph":[{"@type":"WebPage","@id":"https:\/\/cdgolf33.com\/index.php\/championnat-de-pitch-putt-2014-t5\/","url":"https:\/\/cdgolf33.com\/index.php\/championnat-de-pitch-putt-2014-t5\/","name":"Championnat de pitch & putt 2014 \u2013 T5 - Comit\u00e9 D\u00e9partemental de Golf de Gironde","isPartOf":{"@id":"https:\/\/cdgolf33.com\/#website"},"datePublished":"2014-05-19T10:43:07+00:00","breadcrumb":{"@id":"https:\/\/cdgolf33.com\/index.php\/championnat-de-pitch-putt-2014-t5\/#breadcrumb"},"inLanguage":"fr-FR","potentialAction":[{"@type":"ReadAction","target":["https:\/\/cdgolf33.com\/index.php\/championnat-de-pitch-putt-2014-t5\/"]}]},{"@type":"BreadcrumbList","@id":"https:\/\/cdgolf33.com\/index.php\/championnat-de-pitch-putt-2014-t5\/#breadcrumb","itemListElement":[{"@type":"ListItem","position":1,"name":"Accueil","item":"https:\/\/cdgolf33.com\/"},{"@type":"ListItem","position":2,"name":"Championnat de pitch &#038; putt 2014 \u2013 T5"}]},{"@type":"WebSite","@id":"https:\/\/cdgolf33.com\/#website","url":"https:\/\/cdgolf33.com\/","name":"Comit\u00e9 D\u00e9partemental de Golf de Gironde","description":"Le Comit\u00e9 de Gironde de Golf vous souhaite la bienvenue sur son site !","publisher":{"@id":"https:\/\/cdgolf33.com\/#organization"},"potentialAction":[{"@type":"SearchAction","target":{"@type":"EntryPoint","urlTemplate":"https:\/\/cdgolf33.com\/?s={search_term_string}"},"query-input":{"@type":"PropertyValueSpecification","valueRequired":true,"valueName":"search_term_string"}}],"inLanguage":"fr-FR"},{"@type":"Organization","@id":"https:\/\/cdgolf33.com\/#organization","name":"Comit\u00e9 de Golf de Gironde","url":"https:\/\/cdgolf33.com\/","logo":{"@type":"ImageObject","inLanguage":"fr-FR","@id":"https:\/\/cdgolf33.com\/#\/schema\/logo\/image\/","url":"https:\/\/cdgolf33.com\/wp-content\/uploads\/2019\/05\/LOGOCD33.jpg","contentUrl":"https:\/\/cdgolf33.com\/wp-content\/uploads\/2019\/05\/LOGOCD33.jpg","width":220,"height":233,"caption":"Comit\u00e9 de Golf de Gironde"},"image":{"@id":"https:\/\/cdgolf33.com\/#\/schema\/logo\/image\/"},"sameAs":["https:\/\/x.com\/comitegolf33"]}]}},"_links":{"self":[{"href":"https:\/\/cdgolf33.com\/index.php\/wp-json\/wp\/v2\/pages\/1081","targetHints":{"allow":["GET"]}}],"collection":[{"href":"https:\/\/cdgolf33.com\/index.php\/wp-json\/wp\/v2\/pages"}],"about":[{"href":"https:\/\/cdgolf33.com\/index.php\/wp-json\/wp\/v2\/types\/page"}],"author":[{"embeddable":true,"href":"https:\/\/cdgolf33.com\/index.php\/wp-json\/wp\/v2\/users\/1"}],"replies":[{"embeddable":true,"href":"https:\/\/cdgolf33.com\/index.php\/wp-json\/wp\/v2\/comments?post=1081"}],"version-history":[{"count":0,"href":"https:\/\/cdgolf33.com\/index.php\/wp-json\/wp\/v2\/pages\/1081\/revisions"}],"wp:attachment":[{"href":"https:\/\/cdgolf33.com\/index.php\/wp-json\/wp\/v2\/media?parent=1081"}],"curies":[{"name":"wp","href":"https:\/\/api.w.org\/{rel}","templated":true}]}}