{"id":13329,"date":"2026-03-13T19:07:23","date_gmt":"2026-03-13T18:07:23","guid":{"rendered":"https:\/\/cdgolf33.com\/?page_id=13329"},"modified":"2026-03-23T21:30:41","modified_gmt":"2026-03-23T20:30:41","slug":"journee-dames","status":"publish","type":"page","link":"https:\/\/cdgolf33.com\/index.php\/journee-dames\/","title":{"rendered":"Journ\u00e9e Dames"},"content":{"rendered":"<p><img data-dominant-color=\"86a28b\" data-has-transparency=\"false\" style=\"--dominant-color: #86a28b;\" fetchpriority=\"high\" decoding=\"async\" src=\"https:\/\/cdgolf33.com\/wp-content\/uploads\/2026\/03\/Capture-decran-2026-03-13-a-19.17.36-571x1024.webp\" alt=\"\" width=\"315\" height=\"565\" class=\"alignleft wp-image-13333 not-transparent\" srcset=\"https:\/\/cdgolf33.com\/wp-content\/uploads\/2026\/03\/Capture-decran-2026-03-13-a-19.17.36-571x1024.webp 571w, https:\/\/cdgolf33.com\/wp-content\/uploads\/2026\/03\/Capture-decran-2026-03-13-a-19.17.36-167x300.webp 167w, https:\/\/cdgolf33.com\/wp-content\/uploads\/2026\/03\/Capture-decran-2026-03-13-a-19.17.36.webp 756w\" sizes=\"(max-width: 315px) 100vw, 315px\" \/><\/p>\n<blockquote>\n<p class=\"p1\"><span style=\"font-size: 20px;\">La \u00ab\u00a0Journ\u00e9e Dames\u00a0\u00bb propose une<\/span><\/p>\n<p class=\"p1\"><span style=\"font-size: 20px;\">exp\u00e9rience 100% f\u00e9minine m\u00ealant<\/span><\/p>\n<p class=\"p1\"><span style=\"font-size: 20px;\">initiation, exploration du golf et pratique<\/span><\/p>\n<p class=\"p1\"><span style=\"font-size: 20px;\">en conditions de jeu.<\/span><\/p>\n<p class=\"p1\"><span style=\"font-size: 20px;\">Une occasion id\u00e9ale pour partager un<\/span><\/p>\n<p class=\"p1\"><span style=\"font-size: 20px;\">moment chaleureux entre femmes,<\/span><\/p>\n<p class=\"p1\"><span style=\"font-size: 20px;\">qu\u2019elles soient d\u00e9butantes ou<\/span><\/p>\n<p class=\"p1\"><span style=\"font-size: 20px;\">exp\u00e9riment\u00e9es, sur les parcours de la<\/span><\/p>\n<p class=\"p1\"><span style=\"font-size: 20px;\">M\u00e9janne et de l\u2019Ardilouse \u00e0 Lacanau<\/span><\/p>\n<p class=\"p1\"><span style=\"font-size: 20px;\">Oc\u00e9an.<\/span><\/p>\n<p class=\"p1\"><span style=\"text-align: center;\"><\/span><a href=\"https:\/\/cdgolf33.com\/wp-content\/uploads\/2026\/03\/Descriptif-Journees-Dames.pdf\" style=\"background: #6fb62a; color: white; padding: 16px 28px; font-size: 20px; font-weight: bold; text-decoration: none; border-radius: 30px; display: inline-block; font-family: Arial, sans-serif; box-shadow: 0 4px 8px rgba(0,0,0,0.2);\" target=\"_blank\" rel=\"noopener\">Description de la journ\u00e9e<\/a><\/p>\n<\/blockquote>\n<div style=\"background: #0b79bf; color: white; padding: 18px 28px; font-size: 22px; font-weight: bold; text-align: center; border-radius: 30px; font-family: Arial, sans-serif; margin: 40px 0; box-shadow: 0 4px 8px rgba(0,0,0,0.2);\">Pour vous inscrire \u00e0 la journ\u00e9e, veuillez suivre les \u00e9tapes suivantes :<\/div>\n<p class=\"p2\">Tout d&rsquo;abord, assurez-vous de v\u00e9rifier votre \u00e9ligibilit\u00e9 en fonction de votre niveau de jeu : d\u00e9butante ou non-d\u00e9butante.<\/p>\n<blockquote>\n<p class=\"p2\"><strong>Les d\u00e9butantes, d\u00e9finies comme ayant moins d&rsquo;un an d&rsquo;exp\u00e9rience dans le sport, ont acc\u00e8s \u00e0 un quota de 24 places.<\/strong><\/p>\n<p class=\"p2\"><strong>Le quota pour les joueuses non-d\u00e9butantes est de 36 places.<\/strong><\/p>\n<\/blockquote>\n<p class=\"p2\">Ensuite, compl\u00e9tez le formulaire d&rsquo;inscription disponible sur notre site web, en fournissant toutes les informations suivantes : <strong>votre nom, votre adresse mail, votre num\u00e9ro de t\u00e9l\u00e9phone, votre niveau de comp\u00e9tence et votre num\u00e9ro de licence pour les licenci\u00e9es.<\/strong><\/p>\n<div style=\"text-align: center; margin: 30px 0;\"><a href=\"https:\/\/docs.google.com\/forms\/d\/e\/1FAIpQLSf8SKe2EYsFUC8VNkKD_8I0njhNerCYVCLAa_bZUZ29XZ_ScQ\/viewform\" style=\"background: #0b79bf; color: white; padding: 16px 28px; font-size: 20px; font-weight: bold; text-decoration: none; border-radius: 30px; display: inline-block; font-family: Arial, sans-serif; box-shadow: 0 4px 8px rgba(0,0,0,0.2);\" target=\"_blank\" rel=\"noopener\">Formulaire de pr\u00e9-inscription<br \/>\n<\/a><\/div>\n<div style=\"background: #e9f6df; border-left: 6px solid #6fb62a; padding: 18px 22px; font-size: 18px; font-family: Arial, sans-serif; margin: 30px 0; border-radius: 6px;\">\n<p style=\"margin: 0px 0px 8px; text-align: center;\">Les inscriptions seront trait\u00e9es par ordre d&rsquo;arriv\u00e9e.<\/p>\n<p style=\"margin: 0px; text-align: center;\">Il est donc conseill\u00e9 de s&rsquo;inscrire le plus t\u00f4t possible.<\/p>\n<\/div>\n<div style=\"background: #6fb62a; color: white; padding: 20px 28px; font-size: 22px; font-weight: bold; text-align: center; border-radius: 8px; font-family: Arial, sans-serif; margin: 35px 0; box-shadow: 0 3px 8px rgba(0,0,0,0.15);\">La date limite d\u2019inscription est le 27 mars 2026 \u00e0 minuit.<\/div>\n<p class=\"p3\">Enfin, <strong>attendez la confirmation par e-mail<\/strong> qui vous sera envoy\u00e9 <strong>vers le 30 mars pour confirmer que votre place a bien \u00e9t\u00e9 r\u00e9serv\u00e9e.<\/strong><\/p>\n<p class=\"p3\">L\u2019e-mail vous communiquera un lien pour vous permettre d\u2019effectuer le r\u00e8glement en ligne des frais d\u2019inscription de 35 euros.<\/p>\n<div style=\"background: #0b79bf; color: white; padding: 20px 28px; font-size: 22px; font-weight: bold; text-align: center; border-radius: 8px; font-family: Arial, sans-serif; margin: 35px 0; box-shadow: 0 3px 8px rgba(0,0,0,0.15);\"><span style=\"font-size: 28px;\">Le paiement des frais d\u2019inscription confirmera d\u00e9finitivement votre participation \u00e0 la journ\u00e9e du 2 avril.<\/span><\/div>\n<hr \/>\n<p class=\"p2\">Pour toute question ou assistance, n&rsquo;h\u00e9sitez pas \u00e0 contacter notre \u00e9quipe d&rsquo;organisation via le formulaire suivant :<\/p>\n<p><span><div class=\"wpforms-container wpforms-container-full\" id=\"wpforms-13434\"><form id=\"wpforms-form-13434\" class=\"wpforms-validate wpforms-form wpforms-ajax-form\" data-formid=\"13434\" method=\"post\" enctype=\"multipart\/form-data\" action=\"\/index.php\/wp-json\/wp\/v2\/pages\/13329\" data-token=\"f16b558c43faa51d80ed6878505f52fb\" data-token-time=\"1775411347\"><noscript class=\"wpforms-error-noscript\">Veuillez activer JavaScript dans votre navigateur pour remplir ce formulaire.<\/noscript><div class=\"wpforms-field-container\"><div id=\"wpforms-13434-field_1-container\" class=\"wpforms-field wpforms-field-name\" data-field-id=\"1\"><label class=\"wpforms-field-label\">Nom <span class=\"wpforms-required-label\">*<\/span><\/label><div class=\"wpforms-field-row wpforms-field-medium\"><div class=\"wpforms-field-row-block wpforms-first wpforms-one-half\"><input type=\"text\" id=\"wpforms-13434-field_1\" class=\"wpforms-field-name-first wpforms-field-required\" name=\"wpforms[fields][1][first]\" required><label for=\"wpforms-13434-field_1\" class=\"wpforms-field-sublabel after\">Pr\u00e9nom<\/label><\/div><div class=\"wpforms-field-row-block wpforms-one-half\"><input type=\"text\" id=\"wpforms-13434-field_1-last\" class=\"wpforms-field-name-last wpforms-field-required\" name=\"wpforms[fields][1][last]\" required><label for=\"wpforms-13434-field_1-last\" class=\"wpforms-field-sublabel after\">Nom<\/label><\/div><\/div><\/div><div id=\"wpforms-13434-field_2-container\" class=\"wpforms-field wpforms-field-email\" data-field-id=\"2\"><label class=\"wpforms-field-label\" for=\"wpforms-13434-field_2\">E-mail <span class=\"wpforms-required-label\">*<\/span><\/label><input type=\"email\" id=\"wpforms-13434-field_2\" class=\"wpforms-field-medium wpforms-field-required\" name=\"wpforms[fields][2]\" spellcheck=\"false\" required><\/div><div id=\"wpforms-13434-field_4-container\" class=\"wpforms-field wpforms-field-text\" data-field-id=\"4\"><label class=\"wpforms-field-label\" for=\"wpforms-13434-field_4\">Num\u00e9ro de licence FFGolf<\/label><input type=\"text\" id=\"wpforms-13434-field_4\" class=\"wpforms-field-medium\" name=\"wpforms[fields][4]\" ><\/div>\t\t<div id=\"wpforms-13434-field_5-container\"\n\t\t\tclass=\"wpforms-field wpforms-field-text\"\n\t\t\tdata-field-type=\"text\"\n\t\t\tdata-field-id=\"5\"\n\t\t\t>\n\t\t\t<label class=\"wpforms-field-label\" for=\"wpforms-13434-field_5\" >message Num\u00e9ro E-mail<\/label>\n\t\t\t<input type=\"text\" id=\"wpforms-13434-field_5\" class=\"wpforms-field-medium\" name=\"wpforms[fields][5]\" >\n\t\t<\/div>\n\t\t<div id=\"wpforms-13434-field_3-container\" class=\"wpforms-field wpforms-field-textarea\" data-field-id=\"3\"><label class=\"wpforms-field-label\" for=\"wpforms-13434-field_3\">Commentaire ou message <span class=\"wpforms-required-label\">*<\/span><\/label><textarea id=\"wpforms-13434-field_3\" class=\"wpforms-field-medium wpforms-field-required\" name=\"wpforms[fields][3]\" required><\/textarea><\/div><script>\n\t\t\t\t( function() {\n\t\t\t\t\tconst style = document.createElement( 'style' );\n\t\t\t\t\tstyle.appendChild( document.createTextNode( '#wpforms-13434-field_5-container { position: absolute !important; overflow: hidden !important; display: inline !important; height: 1px !important; width: 1px !important; z-index: -1000 !important; padding: 0 !important; } #wpforms-13434-field_5-container input { visibility: hidden; } #wpforms-conversational-form-page #wpforms-13434-field_5-container label { counter-increment: none; }' ) );\n\t\t\t\t\tdocument.head.appendChild( style );\n\t\t\t\t\tdocument.currentScript?.remove();\n\t\t\t\t} )();\n\t\t\t<\/script><\/div><!-- .wpforms-field-container --><div class=\"wpforms-recaptcha-container wpforms-is-hcaptcha\" ><div class=\"h-captcha\" data-sitekey=\"f6c627de-5d86-402d-92fa-345f73b5149e\"><\/div><input type=\"text\" name=\"g-recaptcha-hidden\" class=\"wpforms-recaptcha-hidden\" style=\"position:absolute!important;clip:rect(0,0,0,0)!important;height:1px!important;width:1px!important;border:0!important;overflow:hidden!important;padding:0!important;margin:0!important;\" data-rule-hcaptcha=\"1\"><\/div><div class=\"wpforms-submit-container\" ><input type=\"hidden\" name=\"wpforms[id]\" value=\"13434\"><input type=\"hidden\" name=\"page_title\" value=\"\"><input type=\"hidden\" name=\"page_url\" value=\"https:\/\/cdgolf33.com\/index.php\/wp-json\/wp\/v2\/pages\/13329\"><input type=\"hidden\" name=\"url_referer\" value=\"\"><button type=\"submit\" name=\"wpforms[submit]\" id=\"wpforms-submit-13434\" class=\"wpforms-submit\" data-alt-text=\"Envoi...\" data-submit-text=\"Envoyer\" aria-live=\"assertive\" value=\"wpforms-submit\">Envoyer<\/button><img decoding=\"async\" src=\"https:\/\/cdgolf33.com\/wp-content\/plugins\/wpforms-lite\/assets\/images\/submit-spin.svg\" class=\"wpforms-submit-spinner\" style=\"display: none;\" width=\"26\" height=\"26\" alt=\"Chargement en cours\"><\/div><\/form><\/div>  <!-- .wpforms-container --><\/span><\/p>\n","protected":false},"excerpt":{"rendered":"<p>La \u00ab\u00a0Journ\u00e9e Dames\u00a0\u00bb propose une exp\u00e9rience 100% f\u00e9minine m\u00ealant initiation, exploration du golf et pratique en conditions de jeu. Une occasion id\u00e9ale pour partager un moment chaleureux entre femmes, qu\u2019elles soient d\u00e9butantes ou exp\u00e9riment\u00e9es, sur les parcours de la M\u00e9janne et de l\u2019Ardilouse \u00e0 Lacanau Oc\u00e9an. Description de la journ\u00e9e [&hellip;]<\/p>\n","protected":false},"author":1,"featured_media":0,"parent":0,"menu_order":0,"comment_status":"closed","ping_status":"closed","template":"","meta":{"footnotes":""},"class_list":["post-13329","page","type-page","status-publish","hentry"],"yoast_head":"<!-- This site is optimized with the Yoast SEO plugin v27.3 - https:\/\/yoast.com\/product\/yoast-seo-wordpress\/ -->\n<title>Journ\u00e9e Dames - Comit\u00e9 D\u00e9partemental de Golf de Gironde<\/title>\n<meta name=\"robots\" content=\"index, follow, max-snippet:-1, max-image-preview:large, max-video-preview:-1\" \/>\n<link rel=\"canonical\" href=\"https:\/\/cdgolf33.com\/index.php\/journee-dames\/\" \/>\n<meta property=\"og:locale\" content=\"fr_FR\" \/>\n<meta property=\"og:type\" content=\"article\" \/>\n<meta property=\"og:title\" content=\"Journ\u00e9e Dames - Comit\u00e9 D\u00e9partemental de Golf de Gironde\" \/>\n<meta property=\"og:description\" content=\"La \u00ab\u00a0Journ\u00e9e Dames\u00a0\u00bb propose une exp\u00e9rience 100% f\u00e9minine m\u00ealant initiation, exploration du golf et pratique en conditions de jeu. Une occasion id\u00e9ale pour partager un moment chaleureux entre femmes, qu\u2019elles soient d\u00e9butantes ou exp\u00e9riment\u00e9es, sur les parcours de la M\u00e9janne et de l\u2019Ardilouse \u00e0 Lacanau Oc\u00e9an. Description de la journ\u00e9e [&hellip;]\" \/>\n<meta property=\"og:url\" content=\"https:\/\/cdgolf33.com\/index.php\/journee-dames\/\" \/>\n<meta property=\"og:site_name\" content=\"Comit\u00e9 D\u00e9partemental de Golf de Gironde\" \/>\n<meta property=\"article:modified_time\" content=\"2026-03-23T20:30:41+00:00\" \/>\n<meta property=\"og:image\" content=\"https:\/\/cdgolf33.com\/wp-content\/uploads\/2026\/03\/Capture-decran-2026-03-13-a-19.17.36.webp\" \/>\n\t<meta property=\"og:image:width\" content=\"756\" \/>\n\t<meta property=\"og:image:height\" content=\"1356\" \/>\n\t<meta property=\"og:image:type\" content=\"image\/png\" \/>\n<meta name=\"twitter:card\" content=\"summary_large_image\" \/>\n<meta name=\"twitter:site\" content=\"@comitegolf33\" \/>\n<meta name=\"twitter:label1\" content=\"Dur\u00e9e de lecture estim\u00e9e\" \/>\n\t<meta name=\"twitter:data1\" content=\"2 minutes\" \/>\n<script type=\"application\/ld+json\" class=\"yoast-schema-graph\">{\"@context\":\"https:\\\/\\\/schema.org\",\"@graph\":[{\"@type\":\"WebPage\",\"@id\":\"https:\\\/\\\/cdgolf33.com\\\/index.php\\\/journee-dames\\\/\",\"url\":\"https:\\\/\\\/cdgolf33.com\\\/index.php\\\/journee-dames\\\/\",\"name\":\"Journ\u00e9e Dames - Comit\u00e9 D\u00e9partemental de Golf de Gironde\",\"isPartOf\":{\"@id\":\"https:\\\/\\\/cdgolf33.com\\\/#website\"},\"primaryImageOfPage\":{\"@id\":\"https:\\\/\\\/cdgolf33.com\\\/index.php\\\/journee-dames\\\/#primaryimage\"},\"image\":{\"@id\":\"https:\\\/\\\/cdgolf33.com\\\/index.php\\\/journee-dames\\\/#primaryimage\"},\"thumbnailUrl\":\"https:\\\/\\\/cdgolf33.com\\\/wp-content\\\/uploads\\\/2026\\\/03\\\/Capture-decran-2026-03-13-a-19.17.36-571x1024.webp\",\"datePublished\":\"2026-03-13T18:07:23+00:00\",\"dateModified\":\"2026-03-23T20:30:41+00:00\",\"breadcrumb\":{\"@id\":\"https:\\\/\\\/cdgolf33.com\\\/index.php\\\/journee-dames\\\/#breadcrumb\"},\"inLanguage\":\"fr-FR\",\"potentialAction\":[{\"@type\":\"ReadAction\",\"target\":[\"https:\\\/\\\/cdgolf33.com\\\/index.php\\\/journee-dames\\\/\"]}]},{\"@type\":\"ImageObject\",\"inLanguage\":\"fr-FR\",\"@id\":\"https:\\\/\\\/cdgolf33.com\\\/index.php\\\/journee-dames\\\/#primaryimage\",\"url\":\"https:\\\/\\\/cdgolf33.com\\\/wp-content\\\/uploads\\\/2026\\\/03\\\/Capture-decran-2026-03-13-a-19.17.36.webp\",\"contentUrl\":\"https:\\\/\\\/cdgolf33.com\\\/wp-content\\\/uploads\\\/2026\\\/03\\\/Capture-decran-2026-03-13-a-19.17.36.webp\",\"width\":756,\"height\":1356},{\"@type\":\"BreadcrumbList\",\"@id\":\"https:\\\/\\\/cdgolf33.com\\\/index.php\\\/journee-dames\\\/#breadcrumb\",\"itemListElement\":[{\"@type\":\"ListItem\",\"position\":1,\"name\":\"Accueil\",\"item\":\"https:\\\/\\\/cdgolf33.com\\\/\"},{\"@type\":\"ListItem\",\"position\":2,\"name\":\"Journ\u00e9e Dames\"}]},{\"@type\":\"WebSite\",\"@id\":\"https:\\\/\\\/cdgolf33.com\\\/#website\",\"url\":\"https:\\\/\\\/cdgolf33.com\\\/\",\"name\":\"Comit\u00e9 D\u00e9partemental de Golf de Gironde\",\"description\":\"Le Comit\u00e9 de Gironde de Golf vous souhaite la bienvenue sur son site !\",\"publisher\":{\"@id\":\"https:\\\/\\\/cdgolf33.com\\\/#organization\"},\"potentialAction\":[{\"@type\":\"SearchAction\",\"target\":{\"@type\":\"EntryPoint\",\"urlTemplate\":\"https:\\\/\\\/cdgolf33.com\\\/?s={search_term_string}\"},\"query-input\":{\"@type\":\"PropertyValueSpecification\",\"valueRequired\":true,\"valueName\":\"search_term_string\"}}],\"inLanguage\":\"fr-FR\"},{\"@type\":\"Organization\",\"@id\":\"https:\\\/\\\/cdgolf33.com\\\/#organization\",\"name\":\"Comit\u00e9 de Golf de Gironde\",\"url\":\"https:\\\/\\\/cdgolf33.com\\\/\",\"logo\":{\"@type\":\"ImageObject\",\"inLanguage\":\"fr-FR\",\"@id\":\"https:\\\/\\\/cdgolf33.com\\\/#\\\/schema\\\/logo\\\/image\\\/\",\"url\":\"https:\\\/\\\/cdgolf33.com\\\/wp-content\\\/uploads\\\/2019\\\/05\\\/LOGOCD33.jpg\",\"contentUrl\":\"https:\\\/\\\/cdgolf33.com\\\/wp-content\\\/uploads\\\/2019\\\/05\\\/LOGOCD33.jpg\",\"width\":220,\"height\":233,\"caption\":\"Comit\u00e9 de Golf de Gironde\"},\"image\":{\"@id\":\"https:\\\/\\\/cdgolf33.com\\\/#\\\/schema\\\/logo\\\/image\\\/\"},\"sameAs\":[\"https:\\\/\\\/x.com\\\/comitegolf33\"]}]}<\/script>\n<!-- \/ Yoast SEO plugin. -->","yoast_head_json":{"title":"Journ\u00e9e Dames - Comit\u00e9 D\u00e9partemental de Golf de Gironde","robots":{"index":"index","follow":"follow","max-snippet":"max-snippet:-1","max-image-preview":"max-image-preview:large","max-video-preview":"max-video-preview:-1"},"canonical":"https:\/\/cdgolf33.com\/index.php\/journee-dames\/","og_locale":"fr_FR","og_type":"article","og_title":"Journ\u00e9e Dames - Comit\u00e9 D\u00e9partemental de Golf de Gironde","og_description":"La \u00ab\u00a0Journ\u00e9e Dames\u00a0\u00bb propose une exp\u00e9rience 100% f\u00e9minine m\u00ealant initiation, exploration du golf et pratique en conditions de jeu. Une occasion id\u00e9ale pour partager un moment chaleureux entre femmes, qu\u2019elles soient d\u00e9butantes ou exp\u00e9riment\u00e9es, sur les parcours de la M\u00e9janne et de l\u2019Ardilouse \u00e0 Lacanau Oc\u00e9an. Description de la journ\u00e9e [&hellip;]","og_url":"https:\/\/cdgolf33.com\/index.php\/journee-dames\/","og_site_name":"Comit\u00e9 D\u00e9partemental de Golf de Gironde","article_modified_time":"2026-03-23T20:30:41+00:00","og_image":[{"width":756,"height":1356,"url":"https:\/\/cdgolf33.com\/wp-content\/uploads\/2026\/03\/Capture-decran-2026-03-13-a-19.17.36.webp","type":"image\/png"}],"twitter_card":"summary_large_image","twitter_site":"@comitegolf33","twitter_misc":{"Dur\u00e9e de lecture estim\u00e9e":"2 minutes"},"schema":{"@context":"https:\/\/schema.org","@graph":[{"@type":"WebPage","@id":"https:\/\/cdgolf33.com\/index.php\/journee-dames\/","url":"https:\/\/cdgolf33.com\/index.php\/journee-dames\/","name":"Journ\u00e9e Dames - Comit\u00e9 D\u00e9partemental de Golf de Gironde","isPartOf":{"@id":"https:\/\/cdgolf33.com\/#website"},"primaryImageOfPage":{"@id":"https:\/\/cdgolf33.com\/index.php\/journee-dames\/#primaryimage"},"image":{"@id":"https:\/\/cdgolf33.com\/index.php\/journee-dames\/#primaryimage"},"thumbnailUrl":"https:\/\/cdgolf33.com\/wp-content\/uploads\/2026\/03\/Capture-decran-2026-03-13-a-19.17.36-571x1024.webp","datePublished":"2026-03-13T18:07:23+00:00","dateModified":"2026-03-23T20:30:41+00:00","breadcrumb":{"@id":"https:\/\/cdgolf33.com\/index.php\/journee-dames\/#breadcrumb"},"inLanguage":"fr-FR","potentialAction":[{"@type":"ReadAction","target":["https:\/\/cdgolf33.com\/index.php\/journee-dames\/"]}]},{"@type":"ImageObject","inLanguage":"fr-FR","@id":"https:\/\/cdgolf33.com\/index.php\/journee-dames\/#primaryimage","url":"https:\/\/cdgolf33.com\/wp-content\/uploads\/2026\/03\/Capture-decran-2026-03-13-a-19.17.36.webp","contentUrl":"https:\/\/cdgolf33.com\/wp-content\/uploads\/2026\/03\/Capture-decran-2026-03-13-a-19.17.36.webp","width":756,"height":1356},{"@type":"BreadcrumbList","@id":"https:\/\/cdgolf33.com\/index.php\/journee-dames\/#breadcrumb","itemListElement":[{"@type":"ListItem","position":1,"name":"Accueil","item":"https:\/\/cdgolf33.com\/"},{"@type":"ListItem","position":2,"name":"Journ\u00e9e Dames"}]},{"@type":"WebSite","@id":"https:\/\/cdgolf33.com\/#website","url":"https:\/\/cdgolf33.com\/","name":"Comit\u00e9 D\u00e9partemental de Golf de Gironde","description":"Le Comit\u00e9 de Gironde de Golf vous souhaite la bienvenue sur son site !","publisher":{"@id":"https:\/\/cdgolf33.com\/#organization"},"potentialAction":[{"@type":"SearchAction","target":{"@type":"EntryPoint","urlTemplate":"https:\/\/cdgolf33.com\/?s={search_term_string}"},"query-input":{"@type":"PropertyValueSpecification","valueRequired":true,"valueName":"search_term_string"}}],"inLanguage":"fr-FR"},{"@type":"Organization","@id":"https:\/\/cdgolf33.com\/#organization","name":"Comit\u00e9 de Golf de Gironde","url":"https:\/\/cdgolf33.com\/","logo":{"@type":"ImageObject","inLanguage":"fr-FR","@id":"https:\/\/cdgolf33.com\/#\/schema\/logo\/image\/","url":"https:\/\/cdgolf33.com\/wp-content\/uploads\/2019\/05\/LOGOCD33.jpg","contentUrl":"https:\/\/cdgolf33.com\/wp-content\/uploads\/2019\/05\/LOGOCD33.jpg","width":220,"height":233,"caption":"Comit\u00e9 de Golf de Gironde"},"image":{"@id":"https:\/\/cdgolf33.com\/#\/schema\/logo\/image\/"},"sameAs":["https:\/\/x.com\/comitegolf33"]}]}},"_links":{"self":[{"href":"https:\/\/cdgolf33.com\/index.php\/wp-json\/wp\/v2\/pages\/13329","targetHints":{"allow":["GET"]}}],"collection":[{"href":"https:\/\/cdgolf33.com\/index.php\/wp-json\/wp\/v2\/pages"}],"about":[{"href":"https:\/\/cdgolf33.com\/index.php\/wp-json\/wp\/v2\/types\/page"}],"author":[{"embeddable":true,"href":"https:\/\/cdgolf33.com\/index.php\/wp-json\/wp\/v2\/users\/1"}],"replies":[{"embeddable":true,"href":"https:\/\/cdgolf33.com\/index.php\/wp-json\/wp\/v2\/comments?post=13329"}],"version-history":[{"count":17,"href":"https:\/\/cdgolf33.com\/index.php\/wp-json\/wp\/v2\/pages\/13329\/revisions"}],"predecessor-version":[{"id":13512,"href":"https:\/\/cdgolf33.com\/index.php\/wp-json\/wp\/v2\/pages\/13329\/revisions\/13512"}],"wp:attachment":[{"href":"https:\/\/cdgolf33.com\/index.php\/wp-json\/wp\/v2\/media?parent=13329"}],"curies":[{"name":"wp","href":"https:\/\/api.w.org\/{rel}","templated":true}]}}