{"id":1810,"date":"2015-05-31T15:38:54","date_gmt":"2015-05-31T14:38:54","guid":{"rendered":"http:\/\/www.cdgolf33.com\/?page_id=1810"},"modified":"2015-05-31T15:38:54","modified_gmt":"2015-05-31T14:38:54","slug":"championnat-de-pitch-putt-2015-t5","status":"publish","type":"page","link":"https:\/\/cdgolf33.com\/index.php\/championnat-de-pitch-putt-2015-t5\/","title":{"rendered":"Championnat de pitch &#038; putt 2015 \u2013 T5"},"content":{"rendered":"<p style=\"text-align: justify;\">42 joueurs ont particip\u00e9 \u00e0 ce cinqui\u00e8me tour du championnat de Gironde de pitch &amp; putt en ce dimanche de f\u00eates des m\u00e8res. Certains \u00e9taient venus pour tenter de d\u00e9crocher une place pour la finale, d&rsquo;autres pour d\u00e9fendre celle qu&rsquo;ils occupaient potentiellement ou, tout simplement pour passer une bonne journ\u00e9e !<\/p>\n<p style=\"text-align: justify;\">Le temps \u00e9tait un peu frais pour le d\u00e9part de la vague de 8h30 mais le soleil est rapidement apparu avec un peu de vent pour accompagner la deuxi\u00e8me vague de 11h30. Le parcours \u00e9tait bien pr\u00e9par\u00e9 m\u00eame si on regrettera l&rsquo;absence de panneaux indicateurs au d\u00e9part des trous et quelques distances sur les cartes qui ne correspondent plus trop \u00e0 la r\u00e9alit\u00e9 &#8230; S\u00e9bastien BARANICKA, le directeur du golf nous a indiqu\u00e9 que tout ceci serait prochainement am\u00e9lior\u00e9.<\/p>\n<p style=\"text-align: justify;\">C&rsquo;est St\u00e9phane GUERIN du club des AIGUILLES Vertes de LANTON qui s&rsquo;est impos\u00e9 avec une carte de 54 dans le par, devan\u00e7ant d&rsquo;1 coup Claude SYLVAIN de CAMEYRAC (55 +1) et de 2 coups Francis CONTENT de l&rsquo;ORTF (56 +2). Bien que terminant ce tour 4\u00e8me (57 +3), Denis CARLETTI des AIGUILLES Vertes termine \u00e0 la 1\u00e8re place symbolique du classement de l&rsquo;ann\u00e9e.<\/p>\n<p style=\"text-align: justify;\">\u2192\u00a0 <strong><a href=\"http:\/\/www.cdgolf33.com\/wp-content\/uploads\/2015\/05\/2015_PP_T5_r\u00e9sultats.pdf\" target=\"_blank\" rel=\"noopener noreferrer\">Classement du T5<\/a><\/strong><\/p>\n<p style=\"text-align: justify;\">\u2192\u00a0\u00a0<strong><a href=\"http:\/\/www.cdgolf33.com\/wp-content\/uploads\/2015\/06\/2015_PP_classement.pdf\" target=\"_blank\" rel=\"noopener noreferrer\">Classement final et qualifi\u00e9s pour la finale<\/a><br \/>\n<\/strong><\/p>\n<p style=\"text-align: justify;\">Les 27 premiers (et ex aequos) du classement final sont qualifi\u00e9s pour la finale d\u00e9partementale qui se tiendra au BAGANAIS le dimanche 14 Juin. A cet effet, il est demand\u00e9 aux qualifi\u00e9s <strong>de confirmer rapidement par mail leur participation \u00e0 cette finale<\/strong>. En cas de d\u00e9sistement, les suivants au classement pourraient obtenir une qualification en tant que \u00ab\u00a0lucky losers\u00a0\u00bb dans la limite de 27 places.<\/p>\n<p style=\"text-align: justify;\"><strong>Finale du championnat 2015.<br \/>\n<\/strong>D\u00e9parts en shot gun \u00e0 8h30. Apr\u00e8s 2 X 9 trous, cut pour les 12 premiers et ex aequos qui joueront 9 trous suppl\u00e9mentaires. Apr\u00e8s 27 trous, \u00e9ventuel play off pour d\u00e9signer le champion.<br \/>\nA l&rsquo;issue de la comp\u00e9tition, buffet offert par le Comit\u00e9 D\u00e9partemental.<\/p>\n<p style=\"text-align: right;\">\u2192 <strong><a href=\"http:\/\/www.cdgolf33.com\/pitch-putt\/\">retour<\/a><\/strong><\/p>\n","protected":false},"excerpt":{"rendered":"<p>42 joueurs ont particip\u00e9 \u00e0 ce cinqui\u00e8me tour du championnat de Gironde de pitch &amp; putt en ce dimanche de f\u00eates des m\u00e8res. Certains \u00e9taient venus pour tenter de d\u00e9crocher une place pour la finale, d&rsquo;autres pour d\u00e9fendre celle qu&rsquo;ils occupaient potentiellement ou, tout simplement pour passer une bonne journ\u00e9e [&hellip;]<\/p>\n","protected":false},"author":1,"featured_media":0,"parent":0,"menu_order":0,"comment_status":"closed","ping_status":"open","template":"","meta":{"footnotes":""},"class_list":["post-1810","page","type-page","status-publish","hentry"],"yoast_head":"<!-- This site is optimized with the Yoast SEO plugin v27.5 - https:\/\/yoast.com\/product\/yoast-seo-wordpress\/ -->\n<title>Championnat de pitch &amp; putt 2015 \u2013 T5 - Comit\u00e9 D\u00e9partemental de Golf de Gironde<\/title>\n<meta name=\"robots\" content=\"index, follow, max-snippet:-1, max-image-preview:large, max-video-preview:-1\" \/>\n<link rel=\"canonical\" href=\"https:\/\/cdgolf33.com\/index.php\/championnat-de-pitch-putt-2015-t5\/\" \/>\n<meta property=\"og:locale\" content=\"fr_FR\" \/>\n<meta property=\"og:type\" content=\"article\" \/>\n<meta property=\"og:title\" content=\"Championnat de pitch &amp; putt 2015 \u2013 T5 - Comit\u00e9 D\u00e9partemental de Golf de Gironde\" \/>\n<meta property=\"og:description\" content=\"42 joueurs ont particip\u00e9 \u00e0 ce cinqui\u00e8me tour du championnat de Gironde de pitch &amp; putt en ce dimanche de f\u00eates des m\u00e8res. Certains \u00e9taient venus pour tenter de d\u00e9crocher une place pour la finale, d&rsquo;autres pour d\u00e9fendre celle qu&rsquo;ils occupaient potentiellement ou, tout simplement pour passer une bonne journ\u00e9e [&hellip;]\" \/>\n<meta property=\"og:url\" content=\"https:\/\/cdgolf33.com\/index.php\/championnat-de-pitch-putt-2015-t5\/\" \/>\n<meta property=\"og:site_name\" content=\"Comit\u00e9 D\u00e9partemental de Golf de Gironde\" \/>\n<meta name=\"twitter:card\" content=\"summary_large_image\" \/>\n<meta name=\"twitter:site\" content=\"@comitegolf33\" \/>\n<meta name=\"twitter:label1\" content=\"Dur\u00e9e de lecture estim\u00e9e\" \/>\n\t<meta name=\"twitter:data1\" content=\"2 minutes\" \/>\n<script type=\"application\/ld+json\" class=\"yoast-schema-graph\">{\"@context\":\"https:\\\/\\\/schema.org\",\"@graph\":[{\"@type\":\"WebPage\",\"@id\":\"https:\\\/\\\/cdgolf33.com\\\/index.php\\\/championnat-de-pitch-putt-2015-t5\\\/\",\"url\":\"https:\\\/\\\/cdgolf33.com\\\/index.php\\\/championnat-de-pitch-putt-2015-t5\\\/\",\"name\":\"Championnat de pitch & putt 2015 \u2013 T5 - Comit\u00e9 D\u00e9partemental de Golf de Gironde\",\"isPartOf\":{\"@id\":\"https:\\\/\\\/cdgolf33.com\\\/#website\"},\"datePublished\":\"2015-05-31T14:38:54+00:00\",\"breadcrumb\":{\"@id\":\"https:\\\/\\\/cdgolf33.com\\\/index.php\\\/championnat-de-pitch-putt-2015-t5\\\/#breadcrumb\"},\"inLanguage\":\"fr-FR\",\"potentialAction\":[{\"@type\":\"ReadAction\",\"target\":[\"https:\\\/\\\/cdgolf33.com\\\/index.php\\\/championnat-de-pitch-putt-2015-t5\\\/\"]}]},{\"@type\":\"BreadcrumbList\",\"@id\":\"https:\\\/\\\/cdgolf33.com\\\/index.php\\\/championnat-de-pitch-putt-2015-t5\\\/#breadcrumb\",\"itemListElement\":[{\"@type\":\"ListItem\",\"position\":1,\"name\":\"Accueil\",\"item\":\"https:\\\/\\\/cdgolf33.com\\\/\"},{\"@type\":\"ListItem\",\"position\":2,\"name\":\"Championnat de pitch &#038; putt 2015 \u2013 T5\"}]},{\"@type\":\"WebSite\",\"@id\":\"https:\\\/\\\/cdgolf33.com\\\/#website\",\"url\":\"https:\\\/\\\/cdgolf33.com\\\/\",\"name\":\"Comit\u00e9 D\u00e9partemental de Golf de Gironde\",\"description\":\"Le Comit\u00e9 de Gironde de Golf vous souhaite la bienvenue sur son site !\",\"publisher\":{\"@id\":\"https:\\\/\\\/cdgolf33.com\\\/#organization\"},\"potentialAction\":[{\"@type\":\"SearchAction\",\"target\":{\"@type\":\"EntryPoint\",\"urlTemplate\":\"https:\\\/\\\/cdgolf33.com\\\/?s={search_term_string}\"},\"query-input\":{\"@type\":\"PropertyValueSpecification\",\"valueRequired\":true,\"valueName\":\"search_term_string\"}}],\"inLanguage\":\"fr-FR\"},{\"@type\":\"Organization\",\"@id\":\"https:\\\/\\\/cdgolf33.com\\\/#organization\",\"name\":\"Comit\u00e9 de Golf de Gironde\",\"url\":\"https:\\\/\\\/cdgolf33.com\\\/\",\"logo\":{\"@type\":\"ImageObject\",\"inLanguage\":\"fr-FR\",\"@id\":\"https:\\\/\\\/cdgolf33.com\\\/#\\\/schema\\\/logo\\\/image\\\/\",\"url\":\"https:\\\/\\\/cdgolf33.com\\\/wp-content\\\/uploads\\\/2019\\\/05\\\/LOGOCD33.jpg\",\"contentUrl\":\"https:\\\/\\\/cdgolf33.com\\\/wp-content\\\/uploads\\\/2019\\\/05\\\/LOGOCD33.jpg\",\"width\":220,\"height\":233,\"caption\":\"Comit\u00e9 de Golf de Gironde\"},\"image\":{\"@id\":\"https:\\\/\\\/cdgolf33.com\\\/#\\\/schema\\\/logo\\\/image\\\/\"},\"sameAs\":[\"https:\\\/\\\/x.com\\\/comitegolf33\"]}]}<\/script>\n<!-- \/ Yoast SEO plugin. -->","yoast_head_json":{"title":"Championnat de pitch & putt 2015 \u2013 T5 - Comit\u00e9 D\u00e9partemental de Golf de Gironde","robots":{"index":"index","follow":"follow","max-snippet":"max-snippet:-1","max-image-preview":"max-image-preview:large","max-video-preview":"max-video-preview:-1"},"canonical":"https:\/\/cdgolf33.com\/index.php\/championnat-de-pitch-putt-2015-t5\/","og_locale":"fr_FR","og_type":"article","og_title":"Championnat de pitch & putt 2015 \u2013 T5 - Comit\u00e9 D\u00e9partemental de Golf de Gironde","og_description":"42 joueurs ont particip\u00e9 \u00e0 ce cinqui\u00e8me tour du championnat de Gironde de pitch &amp; putt en ce dimanche de f\u00eates des m\u00e8res. Certains \u00e9taient venus pour tenter de d\u00e9crocher une place pour la finale, d&rsquo;autres pour d\u00e9fendre celle qu&rsquo;ils occupaient potentiellement ou, tout simplement pour passer une bonne journ\u00e9e [&hellip;]","og_url":"https:\/\/cdgolf33.com\/index.php\/championnat-de-pitch-putt-2015-t5\/","og_site_name":"Comit\u00e9 D\u00e9partemental de Golf de Gironde","twitter_card":"summary_large_image","twitter_site":"@comitegolf33","twitter_misc":{"Dur\u00e9e de lecture estim\u00e9e":"2 minutes"},"schema":{"@context":"https:\/\/schema.org","@graph":[{"@type":"WebPage","@id":"https:\/\/cdgolf33.com\/index.php\/championnat-de-pitch-putt-2015-t5\/","url":"https:\/\/cdgolf33.com\/index.php\/championnat-de-pitch-putt-2015-t5\/","name":"Championnat de pitch & putt 2015 \u2013 T5 - Comit\u00e9 D\u00e9partemental de Golf de Gironde","isPartOf":{"@id":"https:\/\/cdgolf33.com\/#website"},"datePublished":"2015-05-31T14:38:54+00:00","breadcrumb":{"@id":"https:\/\/cdgolf33.com\/index.php\/championnat-de-pitch-putt-2015-t5\/#breadcrumb"},"inLanguage":"fr-FR","potentialAction":[{"@type":"ReadAction","target":["https:\/\/cdgolf33.com\/index.php\/championnat-de-pitch-putt-2015-t5\/"]}]},{"@type":"BreadcrumbList","@id":"https:\/\/cdgolf33.com\/index.php\/championnat-de-pitch-putt-2015-t5\/#breadcrumb","itemListElement":[{"@type":"ListItem","position":1,"name":"Accueil","item":"https:\/\/cdgolf33.com\/"},{"@type":"ListItem","position":2,"name":"Championnat de pitch &#038; putt 2015 \u2013 T5"}]},{"@type":"WebSite","@id":"https:\/\/cdgolf33.com\/#website","url":"https:\/\/cdgolf33.com\/","name":"Comit\u00e9 D\u00e9partemental de Golf de Gironde","description":"Le Comit\u00e9 de Gironde de Golf vous souhaite la bienvenue sur son site !","publisher":{"@id":"https:\/\/cdgolf33.com\/#organization"},"potentialAction":[{"@type":"SearchAction","target":{"@type":"EntryPoint","urlTemplate":"https:\/\/cdgolf33.com\/?s={search_term_string}"},"query-input":{"@type":"PropertyValueSpecification","valueRequired":true,"valueName":"search_term_string"}}],"inLanguage":"fr-FR"},{"@type":"Organization","@id":"https:\/\/cdgolf33.com\/#organization","name":"Comit\u00e9 de Golf de Gironde","url":"https:\/\/cdgolf33.com\/","logo":{"@type":"ImageObject","inLanguage":"fr-FR","@id":"https:\/\/cdgolf33.com\/#\/schema\/logo\/image\/","url":"https:\/\/cdgolf33.com\/wp-content\/uploads\/2019\/05\/LOGOCD33.jpg","contentUrl":"https:\/\/cdgolf33.com\/wp-content\/uploads\/2019\/05\/LOGOCD33.jpg","width":220,"height":233,"caption":"Comit\u00e9 de Golf de Gironde"},"image":{"@id":"https:\/\/cdgolf33.com\/#\/schema\/logo\/image\/"},"sameAs":["https:\/\/x.com\/comitegolf33"]}]}},"_links":{"self":[{"href":"https:\/\/cdgolf33.com\/index.php\/wp-json\/wp\/v2\/pages\/1810","targetHints":{"allow":["GET"]}}],"collection":[{"href":"https:\/\/cdgolf33.com\/index.php\/wp-json\/wp\/v2\/pages"}],"about":[{"href":"https:\/\/cdgolf33.com\/index.php\/wp-json\/wp\/v2\/types\/page"}],"author":[{"embeddable":true,"href":"https:\/\/cdgolf33.com\/index.php\/wp-json\/wp\/v2\/users\/1"}],"replies":[{"embeddable":true,"href":"https:\/\/cdgolf33.com\/index.php\/wp-json\/wp\/v2\/comments?post=1810"}],"version-history":[{"count":0,"href":"https:\/\/cdgolf33.com\/index.php\/wp-json\/wp\/v2\/pages\/1810\/revisions"}],"wp:attachment":[{"href":"https:\/\/cdgolf33.com\/index.php\/wp-json\/wp\/v2\/media?parent=1810"}],"curies":[{"name":"wp","href":"https:\/\/api.w.org\/{rel}","templated":true}]}}