{"id":509,"date":"2014-02-20T16:51:25","date_gmt":"2014-02-20T15:51:25","guid":{"rendered":"http:\/\/www.cdgolf33.com\/?page_id=509"},"modified":"2014-02-20T16:51:25","modified_gmt":"2014-02-20T15:51:25","slug":"championnat-2013-des-a-s-entreprises","status":"publish","type":"page","link":"https:\/\/cdgolf33.com\/index.php\/championnat-2013-des-a-s-entreprises\/","title":{"rendered":"Championnat 2013 des A.S. Entreprises"},"content":{"rendered":"<div id=\"texte0\">\n<div>\n<p><b><span style=\"font-size: medium;\">Un joli tapis vert \u00e0 MARGAUX \u2026<\/span><\/b><\/p>\n<p style=\"text-align: justify;\">Pour cette 2<sup>\u00e8me<\/sup> \u00e9dition du Championnat D\u00e9partemental des AS d\u2019entreprises, 34 participants avaient r\u00e9serv\u00e9 leur samedi 22 juin pour en d\u00e9coudre sur un 18 trous \u00e9pargn\u00e9 par la m\u00e9t\u00e9o des jours pr\u00e9c\u00e9dents.\u00a0Le parcours, mis \u00e0 niveau et bien pr\u00e9par\u00e9 pour cette rencontre par l\u2019\u00e9quipe de H. SOULAS, a permis aux 7 Dames de faire de bons scores. Et le titre est revenu logiquement \u00e0 <b>Fran\u00e7oise LETORT<\/b> (AGJSEP, handicap 7) qui, rappelons-le est championne de France par \u00e9quipes avec l\u2019Aquitaine en 2012 (s\u00e9rie golf d\u2019entreprises).<\/p>\n<p style=\"text-align: justify;\">Chez les hommes, le titre est revenu \u00e0 <b>Philippe LARDIN<\/b> (AGJSEP, handicap 4) qui est longtemps rest\u00e9 sous le par, pour finir \u00e0 +1. Il laisse \u00e0 8 coups une triplette constitu\u00e9e de Antoine GROLEAU (AGJSEP), Ali KACI (Mairie de Bordeaux) et Pierre GOGUELY (AGJSEP).<\/p>\n<p>Dans les autres s\u00e9ries messieurs, les vainqueurs sont :<br \/>\n&#8211; 2<sup>\u00e8me<\/sup> s\u00e9rie : Fr\u00e9d\u00e9ric VINCENT (AGJSEP)<br \/>\n&#8211; 3<sup>\u00e8me<\/sup> s\u00e9rie : Olivier STOUFFS (Sabena Technics) qui a r\u00e9alis\u00e9 un excellent score de 47 en net.<\/p>\n<p style=\"text-align: justify;\">Les r\u00e9compenses en net sont revenues \u00e0 Lydie NAGEL (IBM), Philippe LARDIN, Denis AVELLANEDA (AGJSEP) et Olivier STOUFFS (Sabena Technics).<\/p>\n<p>Apr\u00e8s les remerciements, la remise des troph\u00e9es et les f\u00e9licitations, le cocktail de qualit\u00e9 au Relais de MARGAUX offert par le Comit\u00e9 D\u00e9partemental, a permis de refaire les parties comme toujours ! Et de se projeter sur 2014 \u2026<\/p>\n<p><a href=\"\/wp-content\/uploads\/2014\/02\/2013_CIASE_photo.jpg\"><img fetchpriority=\"high\" decoding=\"async\" class=\"size-medium wp-image-336 aligncenter\" src=\"\/wp-content\/uploads\/2014\/02\/2013_CIASE_photo-300x225.jpg\" alt=\"2013_CIASE_photo\" width=\"300\" height=\"225\" srcset=\"https:\/\/cdgolf33.com\/wp-content\/uploads\/2014\/02\/2013_CIASE_photo-300x225.jpg 300w, https:\/\/cdgolf33.com\/wp-content\/uploads\/2014\/02\/2013_CIASE_photo.jpg 640w\" sizes=\"(max-width: 300px) 100vw, 300px\" \/><\/a><\/p>\n<p>\u2192\u00a0 <strong><a href=\"\/wp-content\/uploads\/2014\/02\/2013_CIASE_resultats_brut1.pdf\" target=\"_blank\" rel=\"noopener noreferrer\">R\u00e9sultats brut 2013<\/a><\/strong><\/p>\n<p>\u2192\u00a0 <strong><a href=\"\/wp-content\/uploads\/2014\/02\/2013_CIASE_resultats_net1.pdf\" target=\"_blank\" rel=\"noopener noreferrer\">R\u00e9sultats net 2013<\/a><\/strong><\/p>\n<p style=\"text-align: right;\">\u2192 <strong><a href=\"http:\/\/www.cdgolf33.com\/entreprises\/\">Retour<\/a><\/strong><\/p>\n<p>&nbsp;<\/p>\n<\/div>\n<\/div>\n","protected":false},"excerpt":{"rendered":"<p>Un joli tapis vert \u00e0 MARGAUX \u2026 Pour cette 2\u00e8me \u00e9dition du Championnat D\u00e9partemental des AS d\u2019entreprises, 34 participants avaient r\u00e9serv\u00e9 leur samedi 22 juin pour en d\u00e9coudre sur un 18 trous \u00e9pargn\u00e9 par la m\u00e9t\u00e9o des jours pr\u00e9c\u00e9dents.\u00a0Le parcours, mis \u00e0 niveau et bien pr\u00e9par\u00e9 pour cette rencontre par [&hellip;]<\/p>\n","protected":false},"author":1,"featured_media":0,"parent":0,"menu_order":0,"comment_status":"closed","ping_status":"open","template":"","meta":{"footnotes":""},"class_list":["post-509","page","type-page","status-publish","hentry"],"yoast_head":"<!-- This site is optimized with the Yoast SEO plugin v27.5 - https:\/\/yoast.com\/product\/yoast-seo-wordpress\/ -->\n<title>Championnat 2013 des A.S. Entreprises - Comit\u00e9 D\u00e9partemental de Golf de Gironde<\/title>\n<meta name=\"robots\" content=\"index, follow, max-snippet:-1, max-image-preview:large, max-video-preview:-1\" \/>\n<link rel=\"canonical\" href=\"https:\/\/cdgolf33.com\/index.php\/championnat-2013-des-a-s-entreprises\/\" \/>\n<meta property=\"og:locale\" content=\"fr_FR\" \/>\n<meta property=\"og:type\" content=\"article\" \/>\n<meta property=\"og:title\" content=\"Championnat 2013 des A.S. Entreprises - Comit\u00e9 D\u00e9partemental de Golf de Gironde\" \/>\n<meta property=\"og:description\" content=\"Un joli tapis vert \u00e0 MARGAUX \u2026 Pour cette 2\u00e8me \u00e9dition du Championnat D\u00e9partemental des AS d\u2019entreprises, 34 participants avaient r\u00e9serv\u00e9 leur samedi 22 juin pour en d\u00e9coudre sur un 18 trous \u00e9pargn\u00e9 par la m\u00e9t\u00e9o des jours pr\u00e9c\u00e9dents.\u00a0Le parcours, mis \u00e0 niveau et bien pr\u00e9par\u00e9 pour cette rencontre par [&hellip;]\" \/>\n<meta property=\"og:url\" content=\"https:\/\/cdgolf33.com\/index.php\/championnat-2013-des-a-s-entreprises\/\" \/>\n<meta property=\"og:site_name\" content=\"Comit\u00e9 D\u00e9partemental de Golf de Gironde\" \/>\n<meta property=\"og:image\" content=\"https:\/\/cdgolf33.com\/wp-content\/uploads\/2014\/02\/2013_CIASE_photo-300x225.jpg\" \/>\n<meta name=\"twitter:card\" content=\"summary_large_image\" \/>\n<meta name=\"twitter:site\" content=\"@comitegolf33\" \/>\n<meta name=\"twitter:label1\" content=\"Dur\u00e9e de lecture estim\u00e9e\" \/>\n\t<meta name=\"twitter:data1\" content=\"1 minute\" \/>\n<script type=\"application\/ld+json\" class=\"yoast-schema-graph\">{\"@context\":\"https:\\\/\\\/schema.org\",\"@graph\":[{\"@type\":\"WebPage\",\"@id\":\"https:\\\/\\\/cdgolf33.com\\\/index.php\\\/championnat-2013-des-a-s-entreprises\\\/\",\"url\":\"https:\\\/\\\/cdgolf33.com\\\/index.php\\\/championnat-2013-des-a-s-entreprises\\\/\",\"name\":\"Championnat 2013 des A.S. Entreprises - Comit\u00e9 D\u00e9partemental de Golf de Gironde\",\"isPartOf\":{\"@id\":\"https:\\\/\\\/cdgolf33.com\\\/#website\"},\"datePublished\":\"2014-02-20T15:51:25+00:00\",\"breadcrumb\":{\"@id\":\"https:\\\/\\\/cdgolf33.com\\\/index.php\\\/championnat-2013-des-a-s-entreprises\\\/#breadcrumb\"},\"inLanguage\":\"fr-FR\",\"potentialAction\":[{\"@type\":\"ReadAction\",\"target\":[\"https:\\\/\\\/cdgolf33.com\\\/index.php\\\/championnat-2013-des-a-s-entreprises\\\/\"]}]},{\"@type\":\"BreadcrumbList\",\"@id\":\"https:\\\/\\\/cdgolf33.com\\\/index.php\\\/championnat-2013-des-a-s-entreprises\\\/#breadcrumb\",\"itemListElement\":[{\"@type\":\"ListItem\",\"position\":1,\"name\":\"Accueil\",\"item\":\"https:\\\/\\\/cdgolf33.com\\\/\"},{\"@type\":\"ListItem\",\"position\":2,\"name\":\"Championnat 2013 des A.S. Entreprises\"}]},{\"@type\":\"WebSite\",\"@id\":\"https:\\\/\\\/cdgolf33.com\\\/#website\",\"url\":\"https:\\\/\\\/cdgolf33.com\\\/\",\"name\":\"Comit\u00e9 D\u00e9partemental de Golf de Gironde\",\"description\":\"Le Comit\u00e9 de Gironde de Golf vous souhaite la bienvenue sur son site !\",\"publisher\":{\"@id\":\"https:\\\/\\\/cdgolf33.com\\\/#organization\"},\"potentialAction\":[{\"@type\":\"SearchAction\",\"target\":{\"@type\":\"EntryPoint\",\"urlTemplate\":\"https:\\\/\\\/cdgolf33.com\\\/?s={search_term_string}\"},\"query-input\":{\"@type\":\"PropertyValueSpecification\",\"valueRequired\":true,\"valueName\":\"search_term_string\"}}],\"inLanguage\":\"fr-FR\"},{\"@type\":\"Organization\",\"@id\":\"https:\\\/\\\/cdgolf33.com\\\/#organization\",\"name\":\"Comit\u00e9 de Golf de Gironde\",\"url\":\"https:\\\/\\\/cdgolf33.com\\\/\",\"logo\":{\"@type\":\"ImageObject\",\"inLanguage\":\"fr-FR\",\"@id\":\"https:\\\/\\\/cdgolf33.com\\\/#\\\/schema\\\/logo\\\/image\\\/\",\"url\":\"https:\\\/\\\/cdgolf33.com\\\/wp-content\\\/uploads\\\/2019\\\/05\\\/LOGOCD33.jpg\",\"contentUrl\":\"https:\\\/\\\/cdgolf33.com\\\/wp-content\\\/uploads\\\/2019\\\/05\\\/LOGOCD33.jpg\",\"width\":220,\"height\":233,\"caption\":\"Comit\u00e9 de Golf de Gironde\"},\"image\":{\"@id\":\"https:\\\/\\\/cdgolf33.com\\\/#\\\/schema\\\/logo\\\/image\\\/\"},\"sameAs\":[\"https:\\\/\\\/x.com\\\/comitegolf33\"]}]}<\/script>\n<!-- \/ Yoast SEO plugin. -->","yoast_head_json":{"title":"Championnat 2013 des A.S. Entreprises - Comit\u00e9 D\u00e9partemental de Golf de Gironde","robots":{"index":"index","follow":"follow","max-snippet":"max-snippet:-1","max-image-preview":"max-image-preview:large","max-video-preview":"max-video-preview:-1"},"canonical":"https:\/\/cdgolf33.com\/index.php\/championnat-2013-des-a-s-entreprises\/","og_locale":"fr_FR","og_type":"article","og_title":"Championnat 2013 des A.S. Entreprises - Comit\u00e9 D\u00e9partemental de Golf de Gironde","og_description":"Un joli tapis vert \u00e0 MARGAUX \u2026 Pour cette 2\u00e8me \u00e9dition du Championnat D\u00e9partemental des AS d\u2019entreprises, 34 participants avaient r\u00e9serv\u00e9 leur samedi 22 juin pour en d\u00e9coudre sur un 18 trous \u00e9pargn\u00e9 par la m\u00e9t\u00e9o des jours pr\u00e9c\u00e9dents.\u00a0Le parcours, mis \u00e0 niveau et bien pr\u00e9par\u00e9 pour cette rencontre par [&hellip;]","og_url":"https:\/\/cdgolf33.com\/index.php\/championnat-2013-des-a-s-entreprises\/","og_site_name":"Comit\u00e9 D\u00e9partemental de Golf de Gironde","og_image":[{"url":"https:\/\/cdgolf33.com\/wp-content\/uploads\/2014\/02\/2013_CIASE_photo-300x225.jpg","type":"","width":"","height":""}],"twitter_card":"summary_large_image","twitter_site":"@comitegolf33","twitter_misc":{"Dur\u00e9e de lecture estim\u00e9e":"1 minute"},"schema":{"@context":"https:\/\/schema.org","@graph":[{"@type":"WebPage","@id":"https:\/\/cdgolf33.com\/index.php\/championnat-2013-des-a-s-entreprises\/","url":"https:\/\/cdgolf33.com\/index.php\/championnat-2013-des-a-s-entreprises\/","name":"Championnat 2013 des A.S. Entreprises - Comit\u00e9 D\u00e9partemental de Golf de Gironde","isPartOf":{"@id":"https:\/\/cdgolf33.com\/#website"},"datePublished":"2014-02-20T15:51:25+00:00","breadcrumb":{"@id":"https:\/\/cdgolf33.com\/index.php\/championnat-2013-des-a-s-entreprises\/#breadcrumb"},"inLanguage":"fr-FR","potentialAction":[{"@type":"ReadAction","target":["https:\/\/cdgolf33.com\/index.php\/championnat-2013-des-a-s-entreprises\/"]}]},{"@type":"BreadcrumbList","@id":"https:\/\/cdgolf33.com\/index.php\/championnat-2013-des-a-s-entreprises\/#breadcrumb","itemListElement":[{"@type":"ListItem","position":1,"name":"Accueil","item":"https:\/\/cdgolf33.com\/"},{"@type":"ListItem","position":2,"name":"Championnat 2013 des A.S. Entreprises"}]},{"@type":"WebSite","@id":"https:\/\/cdgolf33.com\/#website","url":"https:\/\/cdgolf33.com\/","name":"Comit\u00e9 D\u00e9partemental de Golf de Gironde","description":"Le Comit\u00e9 de Gironde de Golf vous souhaite la bienvenue sur son site !","publisher":{"@id":"https:\/\/cdgolf33.com\/#organization"},"potentialAction":[{"@type":"SearchAction","target":{"@type":"EntryPoint","urlTemplate":"https:\/\/cdgolf33.com\/?s={search_term_string}"},"query-input":{"@type":"PropertyValueSpecification","valueRequired":true,"valueName":"search_term_string"}}],"inLanguage":"fr-FR"},{"@type":"Organization","@id":"https:\/\/cdgolf33.com\/#organization","name":"Comit\u00e9 de Golf de Gironde","url":"https:\/\/cdgolf33.com\/","logo":{"@type":"ImageObject","inLanguage":"fr-FR","@id":"https:\/\/cdgolf33.com\/#\/schema\/logo\/image\/","url":"https:\/\/cdgolf33.com\/wp-content\/uploads\/2019\/05\/LOGOCD33.jpg","contentUrl":"https:\/\/cdgolf33.com\/wp-content\/uploads\/2019\/05\/LOGOCD33.jpg","width":220,"height":233,"caption":"Comit\u00e9 de Golf de Gironde"},"image":{"@id":"https:\/\/cdgolf33.com\/#\/schema\/logo\/image\/"},"sameAs":["https:\/\/x.com\/comitegolf33"]}]}},"_links":{"self":[{"href":"https:\/\/cdgolf33.com\/index.php\/wp-json\/wp\/v2\/pages\/509","targetHints":{"allow":["GET"]}}],"collection":[{"href":"https:\/\/cdgolf33.com\/index.php\/wp-json\/wp\/v2\/pages"}],"about":[{"href":"https:\/\/cdgolf33.com\/index.php\/wp-json\/wp\/v2\/types\/page"}],"author":[{"embeddable":true,"href":"https:\/\/cdgolf33.com\/index.php\/wp-json\/wp\/v2\/users\/1"}],"replies":[{"embeddable":true,"href":"https:\/\/cdgolf33.com\/index.php\/wp-json\/wp\/v2\/comments?post=509"}],"version-history":[{"count":0,"href":"https:\/\/cdgolf33.com\/index.php\/wp-json\/wp\/v2\/pages\/509\/revisions"}],"wp:attachment":[{"href":"https:\/\/cdgolf33.com\/index.php\/wp-json\/wp\/v2\/media?parent=509"}],"curies":[{"name":"wp","href":"https:\/\/api.w.org\/{rel}","templated":true}]}}