{"id":5130,"date":"2020-01-29T09:21:17","date_gmt":"2020-01-29T08:21:17","guid":{"rendered":"http:\/\/cdgolf33.com\/?page_id=5130"},"modified":"2020-01-30T09:43:01","modified_gmt":"2020-01-30T08:43:01","slug":"assemblee-generale-2020","status":"publish","type":"page","link":"https:\/\/cdgolf33.com\/index.php\/assemblee-generale-2020\/","title":{"rendered":"Assembl\u00e9e g\u00e9n\u00e9rale 2020"},"content":{"rendered":"<p>Le Samedi 25 Janvier 2020 se tenait l\u2019Assembl\u00e9e G\u00e9n\u00e9rale du Comit\u00e9 D\u00e9partemental de Gironde, au Golf de Pessac.<\/p>\n<p>Vous trouverez ci-dessous le proc\u00e8s verbal de cette Assembl\u00e9e G\u00e9n\u00e9rale ainsi que le diaporama.<\/p>\n<p>Merci pour la pr\u00e9sence des Associations Sportives qui y ont assist\u00e9!<\/p>\n<p><a href=\"https:\/\/drive.google.com\/file\/d\/1eqE_CFe-k-Wtd_LyJf3h4LqRickJW904\/view?usp=sharing\" target=\"_blank\" rel=\"noopener noreferrer\">&gt;&gt;&gt; Voir le Diaporama diffus\u00e9 pendant l&rsquo;Assembl\u00e9e G\u00e9n\u00e9rale<\/a><\/p>\n<p>&gt;&gt;&gt; Voir le Compte-Rendu de l&rsquo;Assembl\u00e9e G\u00e9n\u00e9rale 2020<\/p>\n\n\t\t<style type=\"text\/css\">\n\t\t\t#gallery-1 {\n\t\t\t\tmargin: auto;\n\t\t\t}\n\t\t\t#gallery-1 .gallery-item {\n\t\t\t\tfloat: left;\n\t\t\t\tmargin-top: 10px;\n\t\t\t\ttext-align: center;\n\t\t\t\twidth: 33%;\n\t\t\t}\n\t\t\t#gallery-1 img {\n\t\t\t\tborder: 2px solid #cfcfcf;\n\t\t\t}\n\t\t\t#gallery-1 .gallery-caption {\n\t\t\t\tmargin-left: 0;\n\t\t\t}\n\t\t\t\/* see gallery_shortcode() in wp-includes\/media.php *\/\n\t\t<\/style>\n\t\t<div id='gallery-1' class='gallery galleryid-5130 gallery-columns-3 gallery-size-full'><dl class='gallery-item'>\n\t\t\t<dt class='gallery-icon landscape'>\n\t\t\t\t<a href='https:\/\/cdgolf33.com\/wp-content\/uploads\/2020\/01\/IMG_7525.jpg'><img fetchpriority=\"high\" decoding=\"async\" width=\"2016\" height=\"1512\" src=\"https:\/\/cdgolf33.com\/wp-content\/uploads\/2020\/01\/IMG_7525.jpg\" class=\"attachment-full size-full\" alt=\"\" aria-describedby=\"gallery-1-5140\" srcset=\"https:\/\/cdgolf33.com\/wp-content\/uploads\/2020\/01\/IMG_7525.jpg 2016w, https:\/\/cdgolf33.com\/wp-content\/uploads\/2020\/01\/IMG_7525-300x225.jpg 300w, https:\/\/cdgolf33.com\/wp-content\/uploads\/2020\/01\/IMG_7525-1024x768.jpg 1024w, https:\/\/cdgolf33.com\/wp-content\/uploads\/2020\/01\/IMG_7525-768x576.jpg 768w, https:\/\/cdgolf33.com\/wp-content\/uploads\/2020\/01\/IMG_7525-1536x1152.jpg 1536w\" sizes=\"(max-width: 2016px) 100vw, 2016px\" \/><\/a>\n\t\t\t<\/dt>\n\t\t\t\t<dd class='wp-caption-text gallery-caption' id='gallery-1-5140'>\n\t\t\t\t\u00a9 Brigitte Ducasse\n\t\t\t\t<\/dd><\/dl><dl class='gallery-item'>\n\t\t\t<dt class='gallery-icon landscape'>\n\t\t\t\t<a href='https:\/\/cdgolf33.com\/wp-content\/uploads\/2020\/01\/IMG_7521.jpg'><img decoding=\"async\" width=\"2016\" height=\"1512\" src=\"https:\/\/cdgolf33.com\/wp-content\/uploads\/2020\/01\/IMG_7521.jpg\" class=\"attachment-full size-full\" alt=\"\" aria-describedby=\"gallery-1-5141\" srcset=\"https:\/\/cdgolf33.com\/wp-content\/uploads\/2020\/01\/IMG_7521.jpg 2016w, https:\/\/cdgolf33.com\/wp-content\/uploads\/2020\/01\/IMG_7521-300x225.jpg 300w, https:\/\/cdgolf33.com\/wp-content\/uploads\/2020\/01\/IMG_7521-1024x768.jpg 1024w, https:\/\/cdgolf33.com\/wp-content\/uploads\/2020\/01\/IMG_7521-768x576.jpg 768w, https:\/\/cdgolf33.com\/wp-content\/uploads\/2020\/01\/IMG_7521-1536x1152.jpg 1536w\" sizes=\"(max-width: 2016px) 100vw, 2016px\" \/><\/a>\n\t\t\t<\/dt>\n\t\t\t\t<dd class='wp-caption-text gallery-caption' id='gallery-1-5141'>\n\t\t\t\t\u00a9 Brigitte Ducasse\n\t\t\t\t<\/dd><\/dl>\n\t\t\t<br style='clear: both' \/>\n\t\t<\/div>\n\n","protected":false},"excerpt":{"rendered":"<p>Le Samedi 25 Janvier 2020 se tenait l\u2019Assembl\u00e9e G\u00e9n\u00e9rale du Comit\u00e9 D\u00e9partemental de Gironde, au Golf de Pessac. Vous trouverez ci-dessous le proc\u00e8s verbal de cette Assembl\u00e9e G\u00e9n\u00e9rale ainsi que le diaporama. Merci pour la pr\u00e9sence des Associations Sportives qui y ont assist\u00e9! &gt;&gt;&gt; Voir le Diaporama diffus\u00e9 pendant l&rsquo;Assembl\u00e9e [&hellip;]<\/p>\n","protected":false},"author":1,"featured_media":0,"parent":0,"menu_order":0,"comment_status":"closed","ping_status":"closed","template":"","meta":{"footnotes":""},"class_list":["post-5130","page","type-page","status-publish","hentry"],"yoast_head":"<!-- This site is optimized with the Yoast SEO plugin v27.4 - https:\/\/yoast.com\/product\/yoast-seo-wordpress\/ -->\n<title>Assembl\u00e9e g\u00e9n\u00e9rale 2020 - Comit\u00e9 D\u00e9partemental de Golf de Gironde<\/title>\n<meta name=\"robots\" content=\"index, follow, max-snippet:-1, max-image-preview:large, max-video-preview:-1\" \/>\n<link rel=\"canonical\" href=\"https:\/\/cdgolf33.com\/index.php\/assemblee-generale-2020\/\" \/>\n<meta property=\"og:locale\" content=\"fr_FR\" \/>\n<meta property=\"og:type\" content=\"article\" \/>\n<meta property=\"og:title\" content=\"Assembl\u00e9e g\u00e9n\u00e9rale 2020 - Comit\u00e9 D\u00e9partemental de Golf de Gironde\" \/>\n<meta property=\"og:description\" content=\"Le Samedi 25 Janvier 2020 se tenait l\u2019Assembl\u00e9e G\u00e9n\u00e9rale du Comit\u00e9 D\u00e9partemental de Gironde, au Golf de Pessac. Vous trouverez ci-dessous le proc\u00e8s verbal de cette Assembl\u00e9e G\u00e9n\u00e9rale ainsi que le diaporama. Merci pour la pr\u00e9sence des Associations Sportives qui y ont assist\u00e9! &gt;&gt;&gt; Voir le Diaporama diffus\u00e9 pendant l&rsquo;Assembl\u00e9e [&hellip;]\" \/>\n<meta property=\"og:url\" content=\"https:\/\/cdgolf33.com\/index.php\/assemblee-generale-2020\/\" \/>\n<meta property=\"og:site_name\" content=\"Comit\u00e9 D\u00e9partemental de Golf de Gironde\" \/>\n<meta property=\"article:modified_time\" content=\"2020-01-30T08:43:01+00:00\" \/>\n<meta property=\"og:image\" content=\"https:\/\/cdgolf33.com\/wp-content\/uploads\/2020\/01\/IMG_7525.jpg\" \/>\n<meta name=\"twitter:card\" content=\"summary_large_image\" \/>\n<meta name=\"twitter:site\" content=\"@comitegolf33\" \/>\n<script type=\"application\/ld+json\" class=\"yoast-schema-graph\">{\"@context\":\"https:\\\/\\\/schema.org\",\"@graph\":[{\"@type\":\"WebPage\",\"@id\":\"https:\\\/\\\/cdgolf33.com\\\/index.php\\\/assemblee-generale-2020\\\/\",\"url\":\"https:\\\/\\\/cdgolf33.com\\\/index.php\\\/assemblee-generale-2020\\\/\",\"name\":\"Assembl\u00e9e g\u00e9n\u00e9rale 2020 - Comit\u00e9 D\u00e9partemental de Golf de Gironde\",\"isPartOf\":{\"@id\":\"https:\\\/\\\/cdgolf33.com\\\/#website\"},\"datePublished\":\"2020-01-29T08:21:17+00:00\",\"dateModified\":\"2020-01-30T08:43:01+00:00\",\"breadcrumb\":{\"@id\":\"https:\\\/\\\/cdgolf33.com\\\/index.php\\\/assemblee-generale-2020\\\/#breadcrumb\"},\"inLanguage\":\"fr-FR\",\"potentialAction\":[{\"@type\":\"ReadAction\",\"target\":[\"https:\\\/\\\/cdgolf33.com\\\/index.php\\\/assemblee-generale-2020\\\/\"]}]},{\"@type\":\"BreadcrumbList\",\"@id\":\"https:\\\/\\\/cdgolf33.com\\\/index.php\\\/assemblee-generale-2020\\\/#breadcrumb\",\"itemListElement\":[{\"@type\":\"ListItem\",\"position\":1,\"name\":\"Accueil\",\"item\":\"https:\\\/\\\/cdgolf33.com\\\/\"},{\"@type\":\"ListItem\",\"position\":2,\"name\":\"Assembl\u00e9e g\u00e9n\u00e9rale 2020\"}]},{\"@type\":\"WebSite\",\"@id\":\"https:\\\/\\\/cdgolf33.com\\\/#website\",\"url\":\"https:\\\/\\\/cdgolf33.com\\\/\",\"name\":\"Comit\u00e9 D\u00e9partemental de Golf de Gironde\",\"description\":\"Le Comit\u00e9 de Gironde de Golf vous souhaite la bienvenue sur son site !\",\"publisher\":{\"@id\":\"https:\\\/\\\/cdgolf33.com\\\/#organization\"},\"potentialAction\":[{\"@type\":\"SearchAction\",\"target\":{\"@type\":\"EntryPoint\",\"urlTemplate\":\"https:\\\/\\\/cdgolf33.com\\\/?s={search_term_string}\"},\"query-input\":{\"@type\":\"PropertyValueSpecification\",\"valueRequired\":true,\"valueName\":\"search_term_string\"}}],\"inLanguage\":\"fr-FR\"},{\"@type\":\"Organization\",\"@id\":\"https:\\\/\\\/cdgolf33.com\\\/#organization\",\"name\":\"Comit\u00e9 de Golf de Gironde\",\"url\":\"https:\\\/\\\/cdgolf33.com\\\/\",\"logo\":{\"@type\":\"ImageObject\",\"inLanguage\":\"fr-FR\",\"@id\":\"https:\\\/\\\/cdgolf33.com\\\/#\\\/schema\\\/logo\\\/image\\\/\",\"url\":\"https:\\\/\\\/cdgolf33.com\\\/wp-content\\\/uploads\\\/2019\\\/05\\\/LOGOCD33.jpg\",\"contentUrl\":\"https:\\\/\\\/cdgolf33.com\\\/wp-content\\\/uploads\\\/2019\\\/05\\\/LOGOCD33.jpg\",\"width\":220,\"height\":233,\"caption\":\"Comit\u00e9 de Golf de Gironde\"},\"image\":{\"@id\":\"https:\\\/\\\/cdgolf33.com\\\/#\\\/schema\\\/logo\\\/image\\\/\"},\"sameAs\":[\"https:\\\/\\\/x.com\\\/comitegolf33\"]}]}<\/script>\n<!-- \/ Yoast SEO plugin. -->","yoast_head_json":{"title":"Assembl\u00e9e g\u00e9n\u00e9rale 2020 - Comit\u00e9 D\u00e9partemental de Golf de Gironde","robots":{"index":"index","follow":"follow","max-snippet":"max-snippet:-1","max-image-preview":"max-image-preview:large","max-video-preview":"max-video-preview:-1"},"canonical":"https:\/\/cdgolf33.com\/index.php\/assemblee-generale-2020\/","og_locale":"fr_FR","og_type":"article","og_title":"Assembl\u00e9e g\u00e9n\u00e9rale 2020 - Comit\u00e9 D\u00e9partemental de Golf de Gironde","og_description":"Le Samedi 25 Janvier 2020 se tenait l\u2019Assembl\u00e9e G\u00e9n\u00e9rale du Comit\u00e9 D\u00e9partemental de Gironde, au Golf de Pessac. Vous trouverez ci-dessous le proc\u00e8s verbal de cette Assembl\u00e9e G\u00e9n\u00e9rale ainsi que le diaporama. Merci pour la pr\u00e9sence des Associations Sportives qui y ont assist\u00e9! &gt;&gt;&gt; Voir le Diaporama diffus\u00e9 pendant l&rsquo;Assembl\u00e9e [&hellip;]","og_url":"https:\/\/cdgolf33.com\/index.php\/assemblee-generale-2020\/","og_site_name":"Comit\u00e9 D\u00e9partemental de Golf de Gironde","article_modified_time":"2020-01-30T08:43:01+00:00","og_image":[{"url":"https:\/\/cdgolf33.com\/wp-content\/uploads\/2020\/01\/IMG_7525.jpg","type":"","width":"","height":""}],"twitter_card":"summary_large_image","twitter_site":"@comitegolf33","schema":{"@context":"https:\/\/schema.org","@graph":[{"@type":"WebPage","@id":"https:\/\/cdgolf33.com\/index.php\/assemblee-generale-2020\/","url":"https:\/\/cdgolf33.com\/index.php\/assemblee-generale-2020\/","name":"Assembl\u00e9e g\u00e9n\u00e9rale 2020 - Comit\u00e9 D\u00e9partemental de Golf de Gironde","isPartOf":{"@id":"https:\/\/cdgolf33.com\/#website"},"datePublished":"2020-01-29T08:21:17+00:00","dateModified":"2020-01-30T08:43:01+00:00","breadcrumb":{"@id":"https:\/\/cdgolf33.com\/index.php\/assemblee-generale-2020\/#breadcrumb"},"inLanguage":"fr-FR","potentialAction":[{"@type":"ReadAction","target":["https:\/\/cdgolf33.com\/index.php\/assemblee-generale-2020\/"]}]},{"@type":"BreadcrumbList","@id":"https:\/\/cdgolf33.com\/index.php\/assemblee-generale-2020\/#breadcrumb","itemListElement":[{"@type":"ListItem","position":1,"name":"Accueil","item":"https:\/\/cdgolf33.com\/"},{"@type":"ListItem","position":2,"name":"Assembl\u00e9e g\u00e9n\u00e9rale 2020"}]},{"@type":"WebSite","@id":"https:\/\/cdgolf33.com\/#website","url":"https:\/\/cdgolf33.com\/","name":"Comit\u00e9 D\u00e9partemental de Golf de Gironde","description":"Le Comit\u00e9 de Gironde de Golf vous souhaite la bienvenue sur son site !","publisher":{"@id":"https:\/\/cdgolf33.com\/#organization"},"potentialAction":[{"@type":"SearchAction","target":{"@type":"EntryPoint","urlTemplate":"https:\/\/cdgolf33.com\/?s={search_term_string}"},"query-input":{"@type":"PropertyValueSpecification","valueRequired":true,"valueName":"search_term_string"}}],"inLanguage":"fr-FR"},{"@type":"Organization","@id":"https:\/\/cdgolf33.com\/#organization","name":"Comit\u00e9 de Golf de Gironde","url":"https:\/\/cdgolf33.com\/","logo":{"@type":"ImageObject","inLanguage":"fr-FR","@id":"https:\/\/cdgolf33.com\/#\/schema\/logo\/image\/","url":"https:\/\/cdgolf33.com\/wp-content\/uploads\/2019\/05\/LOGOCD33.jpg","contentUrl":"https:\/\/cdgolf33.com\/wp-content\/uploads\/2019\/05\/LOGOCD33.jpg","width":220,"height":233,"caption":"Comit\u00e9 de Golf de Gironde"},"image":{"@id":"https:\/\/cdgolf33.com\/#\/schema\/logo\/image\/"},"sameAs":["https:\/\/x.com\/comitegolf33"]}]}},"_links":{"self":[{"href":"https:\/\/cdgolf33.com\/index.php\/wp-json\/wp\/v2\/pages\/5130","targetHints":{"allow":["GET"]}}],"collection":[{"href":"https:\/\/cdgolf33.com\/index.php\/wp-json\/wp\/v2\/pages"}],"about":[{"href":"https:\/\/cdgolf33.com\/index.php\/wp-json\/wp\/v2\/types\/page"}],"author":[{"embeddable":true,"href":"https:\/\/cdgolf33.com\/index.php\/wp-json\/wp\/v2\/users\/1"}],"replies":[{"embeddable":true,"href":"https:\/\/cdgolf33.com\/index.php\/wp-json\/wp\/v2\/comments?post=5130"}],"version-history":[{"count":5,"href":"https:\/\/cdgolf33.com\/index.php\/wp-json\/wp\/v2\/pages\/5130\/revisions"}],"predecessor-version":[{"id":5146,"href":"https:\/\/cdgolf33.com\/index.php\/wp-json\/wp\/v2\/pages\/5130\/revisions\/5146"}],"wp:attachment":[{"href":"https:\/\/cdgolf33.com\/index.php\/wp-json\/wp\/v2\/media?parent=5130"}],"curies":[{"name":"wp","href":"https:\/\/api.w.org\/{rel}","templated":true}]}}